NOAA-Style Climate Reports

Select a Year or Month report
2021: Jan Feb Mar Apr May Jun Jul Aug Sep Oct Nov Dec
2020: Jan Feb Mar Apr May Jun Jul Aug Sep Oct Nov Dec
2019: Jan Feb Mar Apr May Jun Jul Aug Sep Oct Nov Dec
2018: Jan Feb Mar Apr May Jun Jul Aug Sep Oct Nov Dec
2017: Jan Feb Mar Apr May Jun Jul Aug Sep Oct Nov Dec
2016: Jan Feb Mar Apr May Jun Jul Aug Sep Oct Nov Dec
2015: Jan Feb Mar Apr May Jun Jul Aug Sep Oct Nov Dec
2014: Jan Feb Mar Apr May Jun Jul Aug Sep Oct Nov Dec
2013: Jan Feb Mar Apr May Jun Jul Aug Sep Oct Nov Dec
2012: Jan Feb Mar Apr May Jun Jul Aug Sep Oct Nov Dec
2011: Jan Feb Mar Apr May Jun Jul Aug Sep Oct Nov Dec

Report for 2021 June
                   Monthly Climatological Summary for Jun 2021

Name: StaffordWX   City: Stafford   State: StaffordshIre
Elevation: 289 ft  Lat: N 52° 47' 30"   Lon: E 002° 07' 14"

                  Temperature (°C), Rain (mm), Wind Speed (mph)

                                      Heat  Cool        Avg
    Mean                              Deg   Deg         Wind                 Dom
Day Temp  High   Time   Low    Time   Days  Days  Rain  Speed High   Time    Dir
----------------------------------------------------------------------------------
01  18.7  25.9   15:52   9.8   05:31   2.5   2.9   0.0   1.6  13.0   14:05     E
02  17.8  27.0   15:14  18.0   20:11   3.4   2.9   0.0   2.0  15.2   14:36     E
03  18.4  24.5   09:48  13.2   23:58   1.2   1.3   0.0   1.5  11.4   12:47     E
04  15.5  22.7   16:01  10.0   05:43   3.4   0.6   0.0   0.6   9.2   14:24    NW
05  17.1  25.6   09:43   7.6   05:13   3.1   2.0   0.0   0.8  10.7   12:09     E
06  16.7  21.6   16:58  13.8   08:39   2.2   0.6   0.0   0.6   7.6   15:59   NNW
07  17.8  23.8   12:11  12.2   04:55   2.0   1.6   0.0   1.0   9.2   12:11   ESE
08  17.0  23.6   10:08   8.1   05:15   3.1   1.8   0.0   1.0   9.8   11:11   ESE
09  18.4  25.1   09:54  10.4   04:47   2.2   2.3   0.0   1.5  13.0   19:23   ESE
10  19.4  22.9   15:35  16.3   04:07   0.6   1.6   0.0   1.7  13.0   12:43   ESE
11  17.9  22.6   10:07  13.2   23:00   1.0   0.6   0.0   1.6  13.6   10:23    SE
12  16.7  22.7   15:58   0.0   13:39   2.6   1.1   0.0   1.2  57.0   13:39    NW
----------------------------------------------------------------------------------
    17.6  27.0     2     0.0    12    27.3  19.3   0.0   1.2  57.0    12       E

Max >=  27.0  1
Max <=   0.0  0
Min <=   0.0  1
Min <= -18.0  0
Max Rain: 0.0 on day 0
Days of Rain: 0 (>= 0.2 mm)  0 (>= 2.0 mm)  0 (>= 20.0 mm)
Heat Base: 18.3  Cool Base: 18.3  Method: Integration