NOAA-Style Climate Reports


Report for 2021 September
                   Monthly Climatological Summary for Sep 2021

Name: StaffordWX   City: Stafford   State: StaffordshIre
Elevation: 289 ft  Lat: N 52° 47' 30"   Lon: E 002° 07' 14"

                  Temperature (°C), Rain (mm), Wind Speed (mph)

                                      Heat  Cool        Avg
    Mean                              Deg   Deg         Wind                 Dom
Day Temp  High   Time   Low    Time   Days  Days  Rain  Speed High   Time    Dir
----------------------------------------------------------------------------------
01  15.2  18.4   14:55  11.6   04:21   3.1   0.0   0.0   1.0   8.0   22:17     N
02  15.7  19.7   16:42  13.2   05:55   2.7   0.1   0.0   1.3  10.0   15:44     E
03  15.4  19.1   15:22  13.8   05:45   2.9   0.0   0.0   1.1   8.0   15:23   ENE
04  15.8  19.5   11:47  12.7   06:14   2.6   0.1   0.0   0.9   9.0   10:49     E
05  18.0  25.3   16:52  11.5   06:43   2.1   1.9   0.0   1.1  10.0   11:31     E
06  20.1  27.8   15:03  14.3   02:21   1.4   3.2   0.0   0.2  10.0   14:35   ESE
07  21.0  29.1   14:52  13.0   06:15   1.3   4.0   0.0   0.7   8.0   12:48     E
08  21.7  29.1   14:22  14.1   06:25   0.9   4.3   0.0   1.8  15.0   13:55     E
09  19.1  23.7   12:54  16.0   06:34   0.5   1.2   0.0   0.5  11.0   12:41   ESE
10  18.3  22.6   15:29  15.7   04:07   0.8   0.7   0.0   0.8  12.0   14:06   ESE
11  17.8  22.5   14:03  14.1   23:57   1.4   0.8   0.0   0.8   9.0   12:55   WNW
12  15.6  20.1   12:27  11.2   06:38   2.9   0.2   0.0   0.4   5.0   18:46     E
13  15.5  19.5   16:07  12.8   04:03   2.9   0.1   0.0   1.5  12.0   13:15     E
14  14.4  16.2   16:23  11.9   23:25   3.9   0.0   0.0   0.4   8.0   00:18   ENE
15  15.0  21.1   15:46  11.3   01:41   3.6   0.3   0.0   0.5   7.0   16:39    NW
16  15.8  21.6   15:01  10.5   06:46   3.2   0.7   0.0   0.2  13.0   17:52    SE
17  14.5  20.9   14:51   9.5   05:18   4.2   0.4   0.0   0.7  15.0   14:42   ESE
18  16.0  22.9   15:39  10.2   03:07   3.2   0.9   0.0   0.4   8.0   14:58   ESE
19  15.1  20.2   14:57  10.0   23:53   3.4   0.2   0.0   0.7  11.0   15:55    NW
20  12.7  20.2   15:00   6.3   05:38   5.9   0.2   0.0   0.6  11.0   13:25    NW
21  14.5  20.1   15:11   9.4   01:47   4.1   0.3   0.0   0.5  10.0   11:15   WNW
----------------------------------------------------------------------------------
    16.5  29.1     7     6.3    20    57.0  19.6   0.0   0.8  15.0     8       E

Max >=  27.0  3
Max <=   0.0  0
Min <=   0.0  0
Min <= -18.0  0
Max Rain: 0.0 on day 0
Days of Rain: 0 (>= 0.2 mm)  0 (>= 2.0 mm)  0 (>= 20.0 mm)
Heat Base: 18.3  Cool Base: 18.3  Method: Integration