NOAA-Style Climate Reports


Report for 2019 September
                   Monthly Climatological Summary for Sep 2019

Name: StaffordWX   City: Stafford   State: StaffordshIRE
Elevation: 0 ft  Lat: S 00° 00' 00"   Lon: W 000° 00' 00"

                  Temperature (°C), Rain (mm), Wind Speed (mph)

                                      Heat  Cool        Avg
    Mean                              Deg   Deg         Wind                 Dom
Day Temp  High   Time   Low    Time   Days  Days  Rain  Speed High   Time    Dir
----------------------------------------------------------------------------------
 1  13.2  19.3   12:19   9.2   05:11   5.1   0.0   0.0   1.0  12.1   13:59   WNW
 2  14.5  19.5   14:11   9.5   06:43   3.9   0.1   0.0   1.2  12.1   13:45   WSW
 3  16.2  20.5   11:29  12.5   02:28   2.3   0.2   0.0   1.5  14.5   16:23    SE
 4  15.0  18.3   14:01  11.7   07:56   3.3   0.0   3.9   2.4  15.2   15:40     W
 5  13.0  18.6   15:54   8.3   07:23   5.3   0.0   0.3   1.1  10.7   13:17   WNW
 6  13.6  18.6   12:55  11.1   04:07   4.6   0.0   0.0   1.6  14.5   16:03     W
 7  13.4  17.8   15:03   7.6   23:59   4.0   0.0   0.0   0.5   7.6   16:24    NW
 8  11.1  18.8   13:13   3.5   06:31   7.2   0.0   0.0  ----   6.9   10:40     W
 9  12.5  15.3   15:24  10.5   06:29   5.8   0.0   6.6  ----  11.4   15:16   ESE
10  14.3  18.7   15:50  11.6   06:37   4.0   0.0   0.0  ----  10.7   11:50   WNW
11  16.4  23.1   14:26  11.9   23:53   2.6   0.7   0.3  ----  13.6   09:07     W
12  16.1  22.3   14:15  11.1   05:34   2.9   0.7   0.0  ----  21.3   14:59     S
13  12.8  19.6   14:00   7.3   06:38   5.6   0.1   0.0  ----   8.3   16:17    NW
14  12.7  21.1   14:09   4.5   06:38   6.0   0.4   0.0  ----  11.4   15:03    SE
15  15.3  21.1   12:15  10.7   02:55   3.4   0.4   3.6  ----   8.3   10:23   WNW
16  13.2  15.4   15:08   7.9   23:44   5.1   0.0   1.5  ----   6.0   11:21   NNW
17  11.2  18.0   15:14   6.0   02:56   7.1   0.0   0.0  ----  10.7   10:27    NW
18  11.8  18.8   14:34   4.5   06:43   6.5   0.0   0.0  ----   6.0   16:40   WNW
19  13.1  20.1   14:39   6.9   06:15   5.4   0.2   0.0  ----   4.5   11:54    NW
----------------------------------------------------------------------------------
    13.7  23.1    11     3.5     8    90.1   2.8  16.2   1.4  21.3    12       W

Max >=  27.0:  0
Max <=   0.0:  0
Min <=   0.0:  0
Min <= -18.0:  0
Max Rain: 6.6 on day 9
Days of Rain: 6 (>= 0.2 mm)  3 (>= 2.0 mm)  0 (>= 20.0 mm)
Heat Base: 18.3  Cool Base: 18.3  Method: Integration