NOAA-Style Climate Reports


Report for 2022 August
                   Monthly Climatological Summary for Aug 2022

Name: StaffordWX   City: Stafford   State: Staffordshire
Elevation: 88 m  Lat: N 52° 47' 32"   Lon: W 002° 07' 13"

                  Temperature (°C), Rain (mm), Wind Speed (km/h)

                                      Heat  Cool        Avg
    Mean                              Deg   Deg         Wind                 Dom
Day Temp  High   Time   Low    Time   Days  Days  Rain  Speed High   Time    Dir
----------------------------------------------------------------------------------
01  17.6  27.2   15:20   8.5   03:48   3.2   2.5   1.2   1.7  17.0   13:22   SSE
02  21.1  26.6   14:29  17.2   01:46   0.1   3.0   2.5   3.9  31.0   17:45   SSE
03  20.5  27.1   15:21  13.9   23:59   0.4   2.6   0.4   2.6  26.0   15:49   WSW
04  16.4  24.1   15:23  10.5   23:44   3.0   1.1   0.0   2.1  26.0   12:30    NW
05  14.8  23.0   13:44   8.9   06:09   4.2   0.6   0.2   1.9  20.0   09:32    NW
06  15.0  24.8   14:56   5.8   05:38   4.7   1.4   0.0   1.2  17.0   13:12   NNW
07  16.9  26.1   14:00   8.1   05:44   3.5   2.1   0.0   1.5  17.0   15:10   NNW
08  18.7  28.5   15:40   9.6   05:49   2.6   3.0   0.0   0.7  15.0   13:48   NNW
09  20.0  31.1   15:20  10.4   05:55   2.3   4.0   0.0   0.9  15.0   15:08     N
10  21.7  32.0   15:10  12.5   05:34   1.5   4.9   0.0   0.8  13.0   17:24   ESE
11  22.6  33.2   15:25  12.8   05:54   1.3   5.2   0.0   0.7  17.0   12:05   ESE
----------------------------------------------------------------------------------
    18.7  33.2    11     5.8     6    26.8  30.4   4.3   1.6  31.0     2       W

Max >=  27.0  6
Max <=   0.0  0
Min <=   0.0  0
Min <= -18.0  0
Max Rain: 2.5 on day 2
Days of Rain: 4 (>= 0.2 mm)  1 (>= 2.0 mm)  0 (>= 20.0 mm)
Heat Base: 18.3  Cool Base: 18.3  Method: Integration