NOAA-Style Climate Reports


Report for 2024 February
                   Monthly Climatological Summary for Feb 2024

Name: StaffordWX   City: Stafford   State: Staffordshire
Elevation: 88 m  Lat: N 52° 47' 32"   Lon: W 002° 07' 13"

                  Temperature (°C), Rain (mm), Wind Speed (km/h)

                                      Heat  Cool        Avg
    Mean                              Deg   Deg         Wind                 Dom
Day Temp  High   Time   Low    Time   Days  Days  Rain  Speed High   Time    Dir
----------------------------------------------------------------------------------
01   4.0   8.0   14:12   1.4   03:33  14.3   0.0   0.0   0.4  17.0   11:14   NNE
02   9.4  13.1   12:39   5.7   05:20   8.9   0.0   0.0   1.8  30.0   13:42    NW
03  10.5  13.9   11:39   6.6   22:44   7.8   0.0   0.1   3.1  20.0   10:17    NW
04  10.3  13.1   13:33   7.3   00:00   8.0   0.0   0.1   3.9  28.0   12:37   NNW
05  10.0  11.2   22:56   8.2   06:43   8.3   0.0   0.0   8.7  31.0   00:06   NNE
06   9.1  12.9   13:24   4.2   23:58   9.2   0.0   6.5   9.0   9.0   00:00   NNE
07   2.9   6.7   14:02   0.3   07:25  15.4   0.0   0.0   4.6   9.0   00:00   NNE
08   2.1   3.2   23:59   0.7   00:00  16.2   0.0   5.1   0.0   0.0   00:00     N
09   7.0  10.5   15:26   3.2   00:00  11.3   0.0   3.8   0.0   0.0   00:00     N
10   5.7   9.6   12:34   2.1   03:38  12.6   0.0   0.0   0.0   0.0   00:00     N
11   5.7  10.8   13:49   2.3   23:58  12.6   0.0   0.0   0.6  13.0   13:42    NW
12   4.6   9.7   13:12   0.8   07:54  13.7   0.0   1.0   2.3  22.0   20:11   WNW
13   6.6   9.1   23:23   4.4   01:37  11.7   0.0   4.2   2.1  18.0   12:55    SE
14  11.1  13.8   14:34   8.9   01:01   7.2   0.0   2.2   4.6  17.0   03:48   NNE
15  12.7  17.0   12:54  10.6   23:57   5.6   0.0   2.0   3.8  20.0   11:48    NE
16  10.1  13.3   13:45   8.2   08:21   8.2   0.0   0.5   1.8  18.0   11:24   WNW
17  10.8  14.4   13:11   7.9   01:25   7.5   0.0   2.8   3.7  26.0   14:40    SE
18  11.1  13.9   14:02   9.0   23:53   7.2   0.0   2.2   2.2  18.0   11:11   WNW
19   9.1  12.6   12:52   6.7   23:54   9.2   0.0   0.3   2.1  28.0   11:25   WNW
20   8.7  13.0   13:45   4.5   03:44   9.6   0.0   0.6   2.9  26.0   15:21   SSE
21   9.0  11.5   16:00   6.8   23:46   9.3   0.0   2.5   5.6  40.0   09:49    SE
22   5.1   8.3   05:39   0.8   22:40  13.2   0.0   0.5   1.5  30.0   05:12    NE
23   3.3   9.0   12:12  -0.5   23:53  15.0   0.0   0.6   1.1  22.0   10:18    SE
24   2.2   9.6   14:00  -1.7   07:32  16.1   0.0   0.0   0.4  11.0   15:50    SE
25   3.0   8.0   13:36  -1.6   03:33  15.3   0.0   0.0   2.4  24.0   18:09   ESE
26   4.4   8.8   14:26   1.0   23:58  13.9   0.0   0.0   2.8  26.0   11:20   NNW
27   3.4   9.1   15:08  -1.9   04:12  14.9   0.0   0.4   2.1  24.0   13:24   SSE
----------------------------------------------------------------------------------
     7.1  17.0    15    -1.9    27   302.2   0.0  35.4   2.7  40.0    21     NNE

Max >=  27.0  0
Max <=   0.0  0
Min <=   0.0  4
Min <= -18.0  0
Max Rain: 6.5 on day 6
Days of Rain: 16 (>= 0.2 mm)  9 (>= 2.0 mm)  0 (>= 20.0 mm)
Heat Base: 18.3  Cool Base: 18.3  Method: Integration