NOAA-Style Climate Reports


Report for 2012 February
                   Monthly Climatological Summary for Feb 2012

Name: StaffordWX   City: Stafford   State: Staffordshire
Elevation: 57 m  Lat: N 52° 47' 32"   Lon: W 002° 07' 13"

                  Temperature (°C), Rain (mm), Wind Speed (mph)

                                      Heat  Cool        Avg
    Mean                              Deg   Deg         Wind                 Dom
Day Temp  High   Time   Low    Time   Days  Days  Rain  Speed High   Time    Dir
----------------------------------------------------------------------------------
 1  -0.3   3.2   13:43  -3.2   23:50  19.0   0.0   0.0   2.3  18.3   14:17   ENE
 2  -1.9   2.0   12:32  -5.6   08:41  20.5   0.0   0.0   0.7   9.8   14:52   ENE
 3  -4.2   0.7   13:23  -8.1   07:16  22.9   0.0   0.0   0.3   5.4   12:37   WNW
 4  -3.5   0.5   22:06  -8.6   02:05  21.8   0.0   0.0   2.6  17.4   13:00   ESE
 5   2.4   5.2   13:30   0.0   01:24  15.9   0.0   4.8   0.5   8.3   03:03   WNW
 6   2.1   5.5   14:22  -2.2   23:39  16.2   0.0   0.9   0.1   3.1   10:20   WNW
 7  -2.0   1.0   14:58  -5.5   06:46  20.3   0.0   0.3   0.8  13.0   20:48     E
 8  -2.1   1.1   12:28  -7.8   02:36  20.8   0.0   0.0   0.9  10.7   12:57   ESE
 9  -0.2   1.9   13:10  -2.3   07:09  18.5   0.0   0.9   1.1   7.6   21:12    SE
10   0.0   1.5   14:23  -3.0   23:56  18.3   0.0   0.9   1.5  13.6   11:44   ESE
11  -1.5   1.7   13:47  -5.7   04:33  19.8   0.0   0.0   0.6   9.8   10:51    SE
12   3.0   5.2   14:56   0.2   00:00  15.3   0.0   0.0   0.7   6.9   09:09   WNW
13   4.8   7.0   15:23   2.5   05:01  13.5   0.0   0.6   1.7  13.0   13:43   WNW
14   5.2   8.2   13:01   0.4   05:36  13.1   0.0   0.3   2.9  19.0   17:14   WNW
15   7.4  10.7   12:23   5.3   08:22  10.9   0.0   0.0   4.0  19.0   14:32   WNW
16   7.5  10.3   13:01   4.4   06:48  10.8   0.0   0.0   2.2  13.0   12:09   WNW
17   9.2  12.1   13:09   6.6   05:48   9.1   0.0   0.0   1.9  12.1   23:42     W
18   6.0   9.3   00:00   1.0   23:05  12.3   0.0   5.1   3.1  21.3   11:34     W
19   2.3   6.5   14:06  -0.5   19:36  16.0   0.0   2.1   1.5  15.9   13:35   WNW
20   4.5   7.8   15:27   0.3   00:00  13.7   0.0   0.0   2.3  17.4   11:58    SE
21   8.7  11.5   13:50   6.2   06:27   9.6   0.0   0.0   2.0  13.6   23:46    SE
22   9.5  11.5   22:52   8.1   00:45   8.8   0.0   1.8   4.1  25.1   12:25    SE
23  12.0  15.9   14:22  10.3   02:41   6.2   0.0   0.0   2.8  15.2   16:50   WNW
24   9.1  13.7   11:56   2.9   23:00   9.2   0.0   0.3   2.4  15.9   06:24   WNW
25   5.7  10.4   13:14   0.5   04:35  12.6   0.0   0.0   2.3  16.8   11:06   WNW
26   6.6  10.9   12:52   1.7   03:35  11.7   0.0   0.0   0.9  10.7   15:24     S
27   9.2  11.8   10:56   6.4   00:40   9.1   0.0   0.0   1.5  11.4   11:38     W
28  10.9  13.1   14:13   6.3   23:59   7.4   0.0   0.0   1.0   9.8   04:36     W
29   9.1  11.6   12:23   2.5   23:50   9.0   0.0   0.0   1.5   6.0   10:34   SSE
----------------------------------------------------------------------------------
     4.1  15.9    23    -8.6     4   412.3   0.0  18.0   1.7  25.1    22     WSW

Max >=  27.0:  0
Max <=   0.0:  0
Min <=   0.0: 12
Min <= -18.0:  0
Max Rain: 5.1 on day 18
Days of Rain: 11 (>= 0.2 mm)  3 (>= 2.0 mm)  0 (>= 20.0 mm)
Heat Base: 18.3  Cool Base: 18.3  Method: Integration