NOAA-Style Climate Reports


Report for 2012 April
                   Monthly Climatological Summary for Apr 2012

Name: StaffordWX   City: Stafford   State: Staffordshire
Elevation: 57 m  Lat: N 52° 47' 32"   Lon: W 002° 07' 13"

                  Temperature (°C), Rain (mm), Wind Speed (mph)

                                      Heat  Cool        Avg
    Mean                              Deg   Deg         Wind                 Dom
Day Temp  High   Time   Low    Time   Days  Days  Rain  Speed High   Time    Dir
----------------------------------------------------------------------------------
 1   5.9  14.2   15:02  -2.5   06:52  12.4   0.0   0.0   1.3  11.4   14:19   WNW
 2   7.3  12.4   13:24   1.7   01:02  11.0   0.0   0.0   1.3  10.7   13:37   WNW
 3   7.5  12.6   11:15   3.7   22:54  10.8   0.0   2.1   1.2  10.7   10:09   WNW
 4   3.5   5.8   13:05   1.0   05:08  14.8   0.0   6.3   4.8  30.4   11:07   ENE
 5   5.3  10.0   16:38  -0.2   23:55  12.9   0.0   0.0   1.9  17.4   01:12    NE
 6   5.0  10.8   16:19  -3.3   05:51  13.3   0.0   0.0   1.3   9.8   14:29     W
 7   8.6  11.9   16:31   7.2   00:00   9.7   0.0   0.9   1.0   9.8   07:25   NNE
 8   9.4  13.4   13:22   7.3   01:14   8.9   0.0   2.1   1.7  14.5   15:59     W
 9   8.9  11.5   14:56   7.2   23:49   9.4   0.0   9.6   2.4  19.0   14:19    SE
10   7.6  12.7   16:07   2.9   06:37  10.7   0.0   0.0   2.4  15.9   14:00   WNW
11   6.8  12.2   13:28   2.4   04:15  11.5   0.0   0.9   1.1  12.1   13:31     W
12   8.2  13.0   13:47   2.3   23:59  10.1   0.0   0.6   1.2  13.0   14:35   WNW
13   6.5  14.0   15:24  -1.3   05:11  11.8   0.0   0.3   1.1  10.7   17:34   ENE
14   6.6  12.2   12:35   0.1   23:59  11.7   0.0   0.3   1.4  16.8   15:13     N
15   4.8  11.8   14:49  -2.5   06:18  13.5   0.0   0.0   1.3  14.5   14:07   WNW
16   6.7  13.9   12:52  -1.1   05:56  11.5   0.0   0.0   1.7  18.3   23:08    SE
17   8.2  14.3   15:25   4.8   23:52  10.1   0.0   2.4   4.1  22.8   04:46    SE
18   6.6  10.4   14:46   4.6   00:18  11.7   0.0  11.7   2.3  15.9   08:08     E
19   7.5  11.3   13:29   5.2   23:47  10.8   0.0   5.4   1.9  19.0   12:40   WNW
20   7.3  13.0   15:17   2.0   23:56  11.0   0.0   0.3   1.3  10.7   11:14   WNW
21   6.4  14.4   14:42   0.6   03:40  11.9   0.0   2.1   1.5  16.8   15:10     W
22   6.8  13.3   14:03   1.8   03:29  11.5   0.0   3.9   0.9  13.0   11:51     W
23   8.8  15.6   14:59   5.1   00:00   9.5   0.0   8.1   1.7  15.2   12:35     E
24   8.5  14.6   10:18   2.8   23:59   9.8   0.0   0.0   1.1  10.7   19:03   WNW
25   6.8  11.7   15:43   2.7   00:06  11.5   0.0  20.4   4.4  25.1   08:20     E
26   9.9  14.4   13:15   7.3   00:17   8.4   0.0   2.7   3.1  15.9   13:08    SE
27   7.0   8.8   12:32   5.5   23:29  11.3   0.0   5.7   1.2   9.8   09:30     N
28   7.2  11.2   13:08   5.2   02:45  11.1   0.0   0.3   3.4  18.3   10:29   ENE
29   5.5   7.8   23:13   4.0   06:59  12.8   0.0  16.8   4.1  24.4   14:41   ENE
30  12.2  19.2   15:57   6.6   02:13   6.1   0.0   0.3   5.0  20.6   08:30     E
----------------------------------------------------------------------------------
     7.2  19.2    30    -3.3     6   331.5   0.0 103.2   2.1  30.4     4     ENE

Max >=  27.0:  0
Max <=   0.0:  0
Min <=   0.0:  6
Min <= -18.0:  0
Max Rain: 20.4 on day 25
Days of Rain: 22 (>= 0.2 mm)  14 (>= 2.0 mm)  1 (>= 20.0 mm)
Heat Base: 18.3  Cool Base: 18.3  Method: Integration