NOAA-Style Climate Reports


Report for 2012 December
                   Monthly Climatological Summary for Dec 2012

Name: StaffordWX   City: Stafford   State: Staffordshire
Elevation: 57 m  Lat: N 52° 47' 32"   Lon: W 002° 07' 13"

                  Temperature (°C), Rain (mm), Wind Speed (mph)

                                      Heat  Cool        Avg
    Mean                              Deg   Deg         Wind                 Dom
Day Temp  High   Time   Low    Time   Days  Days  Rain  Speed High   Time    Dir
----------------------------------------------------------------------------------
 1   0.5   4.2   10:37  -3.7   23:55  17.8   0.0   0.3   1.0  13.6   13:18     W
 2   0.2   3.6   12:48  -4.3   02:16  18.1   0.0   1.5   0.7   9.2   23:37    SE
 3   4.4   6.6   10:52   1.8   17:50  13.9   0.0   2.4   1.6  13.6   09:07     W
 4   3.0   6.6   13:09  -0.4   20:38  15.3   0.0   1.8   1.7  12.1   09:57     W
 5   0.3   2.8   13:01  -3.8   23:58  18.0   0.0   0.9   1.1  13.6   12:49   WNW
 6  -0.3   3.9   21:38  -5.0   02:39  18.6   0.0   5.1   2.8  57.3   02:36    SE
 7   3.8   6.0   13:01   1.7   04:02  14.5   0.0   2.1   3.1  20.6   07:00   WNW
 8   3.8   6.3   13:08   1.0   08:15  11.9   0.0   0.0   1.2   7.6   03:15    NW
 9   4.1   9.1   13:10  -3.2   06:49  14.3   0.0   0.0   4.2  19.0   13:24   WNW
10   2.7   7.8   00:00  -3.5   23:52  15.8   0.0   0.0   2.4  10.7   00:00   WNW
11  -1.8   1.2   14:23  -5.1   07:43  20.1   0.0   0.3   0.4   8.3   21:26     S
13  -1.8   0.3   13:48  -4.8   08:09  32.7   0.0   0.0   0.0   3.8   12:37   ESE
14   3.3   7.2   17:02  -1.6   00:00  14.1   0.0  13.5   3.1  25.1   11:36   ESE
15   5.8   8.6   13:28   2.6   23:04  12.5   0.0   0.3   2.3  19.0   10:24    SE
16   4.5   7.2   13:36   1.4   02:35  13.8   0.0   2.4   1.9  15.9   13:49    SE
17   5.2   7.2   14:44   3.5   08:10  13.1   0.0   2.1   1.8  12.1   16:10   SSE
18   4.7   6.5   13:15   1.9   08:24  13.6   0.0   0.0   0.7   9.8   03:05   WNW
19   4.9   6.2   13:32   3.5   00:00  13.4   0.0   3.9   3.6  16.8   13:27   ESE
20   6.2   7.2   13:47   5.1   04:28  12.1   0.0  11.4   3.5  17.4   10:19     E
21   6.2   8.4   13:53   3.5   18:26  12.1   0.0   0.3   0.9   6.9   13:38     W
22   8.7  11.5   23:15   5.5   00:00   9.6   0.0  11.7   3.1  18.3   22:11    SE
23   9.0  11.8   02:02   4.5   23:59   9.5   0.0   0.3   2.4  26.6   08:24     W
24   5.9   7.1   13:21   2.9   23:56  12.4   0.0   5.4   1.0   8.3   18:27    SE
25   5.3   6.9   11:36   2.8   21:06  13.0   0.0   1.2   1.7  11.4   15:34   SSW
26   5.2   8.0   17:28   1.5   03:27  13.1   0.0   1.8   2.0  18.3   15:35     S
27   4.8   6.5   00:05   3.1   02:43  13.5   0.0   5.4   1.0  12.1   00:33     W
28   8.4  11.0   18:49   3.6   00:00   9.9   0.0   3.9   4.4  29.8   22:08    SE
29   8.0  11.6   04:42   3.2   23:54  10.3   0.0   6.6   4.1  29.8   06:22    SE
30   6.0  10.4   22:29   2.6   02:36  12.3   0.0   1.5   3.0  22.8   22:37     S
31   9.0  10.6   05:11   5.5   23:53   9.3   0.0   4.2   3.9  24.4   05:36   SSE
----------------------------------------------------------------------------------
     4.3  11.8    23    -5.1    11   428.6   0.0  90.3   2.2  57.3     6     SSE

Max >=  27.0:  0
Max <=   0.0:  0
Min <=   0.0: 10
Min <= -18.0:  0
Max Rain: 13.5 on day 14
Days of Rain: 25 (>= 0.2 mm)  14 (>= 2.0 mm)  0 (>= 20.0 mm)
Heat Base: 18.3  Cool Base: 18.3  Method: Integration