NOAA-Style Climate Reports


Report for 2013 February
                   Monthly Climatological Summary for Feb 2013

Name: StaffordWX   City: Stafford   State: Staffordshire
Elevation: 57 m  Lat: N 52° 47' 32"   Lon: W 002° 07' 13"

                  Temperature (°C), Rain (mm), Wind Speed (mph)

                                      Heat  Cool        Avg
    Mean                              Deg   Deg         Wind                 Dom
Day Temp  High   Time   Low    Time   Days  Days  Rain  Speed High   Time    Dir
----------------------------------------------------------------------------------
 1   5.1   7.7   13:26   2.9   20:46  13.2   0.0   2.1   1.3  10.7   11:07   WNW
 2   1.3   5.1   13:22  -3.0   23:02  17.0   0.0   0.0   1.9  16.8   11:59   WNW
 3   5.8  10.6   15:11  -1.4   00:09  12.5   0.0   0.3   2.2  13.6   08:09   WSW
 4   7.3   9.7   04:23   2.2   23:58  11.0   0.0   2.1   4.3  21.3   05:57   WNW
 5   2.6   5.4   22:33   0.4   06:40  15.7   0.0   4.5   3.7  20.6   13:24   WNW
 6   3.3   5.4   00:00  -0.9   23:54  15.0   0.0   0.9   3.4  18.3   11:00   WNW
 7   1.0   3.3   11:07  -2.7   05:55  17.3   0.0   1.5   0.9   9.2   01:06     W
 8   2.7   6.4   14:58   0.5   07:30  15.6   0.0   0.0   1.0  12.1   12:01   WNW
 9   2.7   4.7   15:12   1.0   07:44  15.6   0.0   3.6   1.0   6.0   12:08   ESE
10   2.4   4.2   13:29   0.4   21:13  15.9   0.0   9.6   3.2  19.7   15:34     E
11   0.8   2.2   13:33   0.2   03:59  17.5   0.0   3.6   2.7  13.6   09:32   ENE
12   0.7   2.2   11:10  -0.8   06:58  17.5   0.0   0.3   1.3   9.2   01:36   ESE
13   0.8   3.6   23:54  -0.5   05:06  17.4   0.0   3.3   4.4  19.7   21:33   ESE
14   6.4   9.7   13:03   3.6   00:00  11.9   0.0   4.5   2.5  17.4   01:09     W
15   5.0  10.0   12:59   0.3   23:57  13.3   0.0   0.0   1.1   8.3   03:44   WNW
16   3.3   9.1   13:28  -1.5   03:30  15.0   0.0   0.0   0.7   9.2   13:24    SE
17   3.2   9.0   12:47  -2.0   06:31  15.1   0.0   0.0   2.0  13.6   12:56   ESE
18   3.3   7.7   13:35  -1.6   23:59  15.0   0.0   0.0   2.6  12.1   00:09   ESE
19   0.7   7.0   14:20  -3.5   05:53  17.6   0.0   0.0   0.6   9.8   22:32     E
20   2.3   3.8   14:07   0.1   23:19  16.0   0.0   0.0   3.6  16.8   22:24     E
21   0.8   2.6   12:35   0.0   00:03  17.5   0.0   0.0   5.1  17.4   06:49   ESE
22   0.4   1.7   13:34  -2.9   10:18  18.1   0.0   0.0   4.1  12.1   13:03     E
23   0.9   4.7   12:49  -2.3   07:17  17.4   0.0   0.0   0.8   8.3   14:26   NNW
24   1.4   3.9   13:42  -0.4   02:23  16.9   0.0   0.0   1.1   9.2   10:39    NW
25   2.8   5.6   12:43  -1.5   01:01  15.5   0.0   0.0   1.4  13.0   22:54   NNW
26   3.2   4.4   12:08   2.6   20:48  15.1   0.0   0.0   2.5  19.0   01:35   ENE
27   3.2   7.2   13:08  -1.3   23:37  15.1   0.0   0.0   1.8  13.6   13:20   ENE
28   3.2  10.4   13:28  -2.4   05:30  15.1   0.0   0.0   0.9  10.7   12:36    NE
----------------------------------------------------------------------------------
     2.7  10.6     3    -3.5    19   435.8   0.0  36.3   2.2  21.3     4       E

Max >=  27.0:  0
Max <=   0.0:  0
Min <=   0.0: 17
Min <= -18.0:  0
Max Rain: 9.6 on day 10
Days of Rain: 12 (>= 0.2 mm)  8 (>= 2.0 mm)  0 (>= 20.0 mm)
Heat Base: 18.3  Cool Base: 18.3  Method: Integration