NOAA-Style Climate Reports

Select a Year or Month report
2022: Jan Feb Mar Apr May Jun Jul Aug Sep Oct Nov Dec
2021: Jan Feb Mar Apr May Jun Jul Aug Sep Oct Nov Dec
2020: Jan Feb Mar Apr May Jun Jul Aug Sep Oct Nov Dec
2019: Jan Feb Mar Apr May Jun Jul Aug Sep Oct Nov Dec
2018: Jan Feb Mar Apr May Jun Jul Aug Sep Oct Nov Dec
2017: Jan Feb Mar Apr May Jun Jul Aug Sep Oct Nov Dec
2016: Jan Feb Mar Apr May Jun Jul Aug Sep Oct Nov Dec
2015: Jan Feb Mar Apr May Jun Jul Aug Sep Oct Nov Dec
2014: Jan Feb Mar Apr May Jun Jul Aug Sep Oct Nov Dec
2013: Jan Feb Mar Apr May Jun Jul Aug Sep Oct Nov Dec
2012: Jan Feb Mar Apr May Jun Jul Aug Sep Oct Nov Dec
2011: Jan Feb Mar Apr May Jun Jul Aug Sep Oct Nov Dec

Report for 2013 March
                   Monthly Climatological Summary for Mar 2013

Name: StaffordWX   City: Stafford   State: Staffordshire
Elevation: 57 m  Lat: N 52° 47' 32"   Lon: W 002° 07' 13"

                  Temperature (°C), Rain (mm), Wind Speed (mph)

                                      Heat  Cool        Avg
    Mean                              Deg   Deg         Wind                 Dom
Day Temp  High   Time   Low    Time   Days  Days  Rain  Speed High   Time    Dir
----------------------------------------------------------------------------------
 1   5.8   8.6   12:50   3.7   23:53  12.5   0.0   0.0   1.7  13.0   10:46    NE
 2   3.2   8.1   13:06  -2.3   23:58  15.1   0.0   0.0   0.9   9.2   13:59   WNW
 3   3.4   9.5   13:34  -3.5   05:28  14.9   0.0   0.0   2.0  17.4   11:10   ESE
 4   3.9   8.4   13:41   0.5   02:26  14.4   0.0   0.0   2.9  13.6   14:29     E
 5   3.2  10.4   15:39  -1.9   04:53  15.1   0.0   0.0   1.7  11.4   21:21   ENE
 6   4.2   6.0   12:46   2.1   06:39  14.1   0.0   0.0   3.9  15.9   12:29     E
 7   5.7   8.0   15:38   4.2   04:11  12.6   0.0   5.1   3.7  14.5   23:35   ENE
 8   5.1   6.0   11:14   4.0   23:16  13.5   0.0   4.2   3.6  15.2   12:38   ENE
 9   3.9   5.6   14:15   1.7   22:57  14.4   0.0   0.6   1.7   9.8   10:45   ENE
10   0.8   2.6   14:06  -1.5   23:18  17.5   0.0   1.2   3.5  22.8   16:59   ENE
11  -1.6   2.0   13:31  -3.5   22:36  19.9   0.0   0.3   4.1  24.4   12:58   ENE
12   0.6   5.2   13:55  -3.3   00:54  17.7   0.0   0.0   2.1  12.1   14:55    NW
13   1.4   7.2   14:03  -3.8   23:59  16.9   0.0   0.0   1.2  13.0   12:20   WNW
14   1.4   7.9   13:52  -6.2   06:35  16.9   0.0   1.5   1.2   9.8   19:24     W
15   5.0   8.2   14:50   2.5   01:08  13.3   0.0   3.3   2.9  20.6   12:40    SE
16   4.8   9.1   13:44   1.3   23:31  13.8   0.0   5.7   1.5  14.5   16:08    SE
17   2.8   8.4   12:38  -0.9   23:59  15.5   0.0   0.3   1.2   7.6   00:08   ESE
18   2.5   7.7   13:43  -1.7   01:36  15.8   0.0   0.0   2.1  11.4   17:15   ENE
19   3.6   6.9   13:11   1.1   05:15  14.7   0.0   0.0   2.2  15.2   21:49     E
20   2.8   5.7   12:57   1.2   00:00  15.5   0.0   0.0   2.9  14.5   01:51     E
21   2.6   6.5   12:04  -1.4   04:53  15.7   0.0   0.3   5.3  23.5   20:47     E
22   0.6   2.2   13:58   0.1   23:07  17.7   0.0   4.8   7.6  26.6   19:47   ENE
23   0.0   0.9   12:07  -1.1   23:59  18.3   0.0   0.0   5.4  23.5   10:45   ENE
24  -0.7   0.9   14:11  -2.3   05:59  19.0   0.0   0.3   5.3  20.6   13:46   ENE
25   0.8   4.4   10:34  -1.1   00:01  17.5   0.0   2.4   5.9  23.5   11:02   ENE
26   0.5   4.4   14:18  -2.1   05:59  17.8   0.0   1.5   3.5  21.3   14:28   ENE
27   0.8   4.3   13:52  -2.5   23:00  17.5   0.0   0.9   2.6  14.5   15:28   ENE
28   0.9   5.7   11:20  -4.0   05:16  17.4   0.0   0.0   2.5  15.9   12:52   ENE
29   1.8   6.6   12:48  -2.0   21:57  16.5   0.0   0.0   2.8  14.5   13:41   ENE
30   1.2   8.0   13:03  -3.5   23:54  17.1   0.0   0.0   1.6  14.5   10:25   ENE
31   1.2   7.3   12:57  -5.5   06:34  16.4   0.0   0.0   2.9  15.9   13:02   ESE
----------------------------------------------------------------------------------
     2.3  10.4     5    -6.2    14   495.0   0.0  32.4   3.0  26.6    22       E

Max >=  27.0:  0
Max <=   0.0:  0
Min <=   0.0: 20
Min <= -18.0:  0
Max Rain: 5.7 on day 16
Days of Rain: 15 (>= 0.2 mm)  6 (>= 2.0 mm)  0 (>= 20.0 mm)
Heat Base: 18.3  Cool Base: 18.3  Method: Integration