NOAA-Style Climate Reports

Select a Year or Month report
2022: Jan Feb Mar Apr May Jun Jul Aug Sep Oct Nov Dec
2021: Jan Feb Mar Apr May Jun Jul Aug Sep Oct Nov Dec
2020: Jan Feb Mar Apr May Jun Jul Aug Sep Oct Nov Dec
2019: Jan Feb Mar Apr May Jun Jul Aug Sep Oct Nov Dec
2018: Jan Feb Mar Apr May Jun Jul Aug Sep Oct Nov Dec
2017: Jan Feb Mar Apr May Jun Jul Aug Sep Oct Nov Dec
2016: Jan Feb Mar Apr May Jun Jul Aug Sep Oct Nov Dec
2015: Jan Feb Mar Apr May Jun Jul Aug Sep Oct Nov Dec
2014: Jan Feb Mar Apr May Jun Jul Aug Sep Oct Nov Dec
2013: Jan Feb Mar Apr May Jun Jul Aug Sep Oct Nov Dec
2012: Jan Feb Mar Apr May Jun Jul Aug Sep Oct Nov Dec
2011: Jan Feb Mar Apr May Jun Jul Aug Sep Oct Nov Dec

Report for 2013 April
                   Monthly Climatological Summary for Apr 2013

Name: StaffordWX   City: Stafford   State: Staffordshire
Elevation: 57 m  Lat: N 52° 47' 32"   Lon: W 002° 07' 13"

                  Temperature (°C), Rain (mm), Wind Speed (mph)

                                      Heat  Cool        Avg
    Mean                              Deg   Deg         Wind                 Dom
Day Temp  High   Time   Low    Time   Days  Days  Rain  Speed High   Time    Dir
----------------------------------------------------------------------------------
 1   1.7   4.8   16:35  -1.1   05:36  16.6   0.0   0.0   4.3  22.8   17:27     E
 2   2.0   8.4   13:05  -4.2   06:10  16.3   0.0   0.0   2.4  15.2   12:10   ENE
 3   2.9   9.8   12:37  -3.7   05:46  15.4   0.0   0.0   3.6  24.4   13:32   ENE
 4   2.9   6.4   13:22  -0.5   04:27  15.4   0.0   0.0   3.4  25.1   17:16    NE
 5   4.1   9.4   14:32  -0.7   00:56  14.2   0.0   0.0   2.5  17.4   13:29   NNE
 6   3.3  10.8   15:01  -4.2   06:40  15.0   0.0   0.6   0.7   6.9   10:45   WNW
 7   4.2  11.7   14:34  -4.2   06:33  14.1   0.0   0.0   1.6  13.0   12:15   ESE
 8   4.4   9.8   15:00   0.4   04:05  13.9   0.0   0.0   5.2  23.5   17:29   ENE
 9   5.8  11.3   13:56   2.1   03:11  12.5   0.0   0.0   5.0  20.6   13:30   ENE
10   6.3  12.9   16:22  -0.7   07:00  12.0   0.0   0.0   2.1  11.4   16:00   ESE
11   5.5   7.0   18:38   3.9   07:06  12.8   0.0   0.0   2.8  11.4   00:11     E
12   8.0  13.8   15:17   5.1   23:54  10.3   0.0   1.2   1.6  15.2   15:33   NNW
13   8.4  12.4   10:04   2.6   06:18   9.9   0.0   0.3   3.3  19.0   23:59    SE
14  13.0  17.9   11:12   9.9   23:50   5.3   0.0   0.9   5.6  28.9   15:51    SE
15  12.8  17.9   15:12   9.0   02:59   5.5   0.0   0.0   4.3  22.1   12:27    SE
16  11.8  16.9   14:52   7.5   23:25   6.5   0.0   1.5   3.7  22.8   01:35     S
17  11.6  17.1   14:05   5.5   01:55   6.7   0.0   0.0   5.2  30.4   19:01    SE
18  10.2  13.9   13:35   7.6   07:30   8.1   0.0   1.2   4.7  26.6   00:30     W
19   8.8  14.4   16:12   2.9   23:56   9.5   0.0   0.3   2.8  13.6   09:05   WNW
20   8.5  16.8   14:21  -0.1   05:25   9.8   0.0   0.0   1.5  13.6   15:27    SE
21   7.4  13.2   09:31   0.8   05:40  10.9   0.0   0.0   1.8  15.2   14:45   SSE
22   9.4  15.4   12:30   2.4   05:34   8.9   0.0   0.0   2.2  19.0   16:12    SW
23  12.2  18.7   16:49   6.5   06:22   6.1   0.0   0.0   2.6  14.5   10:37     W
24  12.3  18.2   16:31   6.9   02:57   6.0   0.0   0.0   1.6  13.6   13:37     W
25  11.3  18.5   11:43   6.6   23:54   7.0   0.0   0.6   1.9  13.6   11:31     W
26   7.8  12.5   14:09   4.2   05:35  10.5   0.0   0.6   2.9  19.7   16:46   WNW
27   6.1  12.8   16:14  -0.5   05:29  12.2   0.0   0.3   1.5  15.2   16:23   NNW
28   8.0  16.0   12:14   0.3   03:37  10.3   0.0   1.5   2.2  18.3   14:55   SSW
29   8.4  14.0   15:17   3.3   23:57   9.9   0.0   0.0   2.7  18.3   13:11   WNW
30   8.1  15.4   13:57   0.8   05:59  10.2   0.0   0.3   1.6  11.4   04:16     E
----------------------------------------------------------------------------------
     7.6  18.7    23    -4.2     2   321.8   0.0   9.3   2.9  30.4    17     ESE

Max >=  27.0:  0
Max <=   0.0:  0
Min <=   0.0: 10
Min <= -18.0:  0
Max Rain: 1.5 on day 16
Days of Rain: 12 (>= 0.2 mm)  0 (>= 2.0 mm)  0 (>= 20.0 mm)
Heat Base: 18.3  Cool Base: 18.3  Method: Integration