NOAA-Style Climate Reports


Report for 2013 May
                   Monthly Climatological Summary for May 2013

Name: StaffordWX   City: Stafford   State: Staffordshire
Elevation: 57 m  Lat: N 52° 47' 32"   Lon: W 002° 07' 13"

                  Temperature (°C), Rain (mm), Wind Speed (mph)

                                      Heat  Cool        Avg
    Mean                              Deg   Deg         Wind                 Dom
Day Temp  High   Time   Low    Time   Days  Days  Rain  Speed High   Time    Dir
----------------------------------------------------------------------------------
 1   9.5  17.7   16:42   1.0   03:36   8.8   0.0   0.0   1.2  11.4   19:22   WNW
 2  10.5  18.8   16:58   0.4   05:40   7.8   0.0   0.0   1.0   8.3   11:04    NW
 3  10.8  17.1   14:41   2.5   06:06   7.5   0.0   0.0   2.1  13.0   13:57     W
 4  11.7  16.4   13:31   6.4   23:25   6.6   0.0   0.3   2.6  16.8   11:00     W
 5  12.2  19.5   16:39   4.6   05:19   6.1   0.1   0.0   1.7  14.5   15:01   SSW
 6  13.4  22.5   15:22   2.9   04:58   5.7   0.8   0.0   1.1  12.1   14:43    SE
 7  15.6  24.5   14:21   5.0   05:35   4.3   1.6   0.0   2.5  15.9   17:38   ESE
 8  13.6  19.4   15:02   7.6   23:59   4.8   0.0   0.6   3.2  17.4   13:56    SE
 9   9.3  13.6   10:55   5.5   02:27   9.0   0.0   1.8   4.9  31.1   15:18    SE
10  10.7  17.2   15:20   6.9   23:58   7.6   0.0   5.1   2.9  17.4   10:04   WNW
11   7.7  12.4   14:30   4.1   03:38  10.6   0.0   4.2   2.4  13.6   14:26     W
12   9.4  12.2   09:27   4.0   05:34   8.9   0.0   2.1   2.4  16.8   14:07     W
13   9.2  13.1   10:12   4.8   22:44   9.1   0.0   1.8   3.2  19.0   13:07   WNW
14   7.5  13.7   09:46   1.9   05:43  10.8   0.0  11.4   2.2  15.9   12:14    SE
15   7.8  13.6   16:31   4.6   07:21  10.5   0.0   5.7   3.1  19.0   12:23   WNW
16  10.1  17.4   16:02   1.1   04:23   8.2   0.0   0.0   1.5  12.1   23:13     E
17  10.6  15.8   12:33   6.9   02:16   7.7   0.0   0.6   1.5  11.4   11:17   ENE
18  10.8  16.7   15:23   7.6   04:59   7.5   0.0   0.6   1.7  12.1   10:21     W
19  13.4  21.9   14:58   6.1   05:23   5.2   0.2   0.0   1.3  25.1   05:00   WNW
20  13.1  17.0   16:51   9.5   00:00   5.2   0.0   2.1   2.3  13.0   08:12   WNW
21  10.8  14.1   12:41   6.8   23:11   7.5   0.0   0.0   2.0  11.4   16:53   WNW
22  10.1  14.6   10:46   6.2   23:33   8.2   0.0   0.0   3.3  19.0   12:11     W
23   7.5  13.3   15:31   3.9   05:17  10.8   0.0   1.2   3.1  19.0   12:19   WNW
24   8.1  12.0   14:47   4.6   04:29  10.4   0.0   0.9   3.6  22.8   10:06    NW
25  11.5  19.0   16:26   3.2   02:51   6.8   0.0   0.0   1.3  10.7   18:18   WNW
26  12.8  21.9   14:38   2.2   04:05   6.1   0.5   0.0   1.3  13.0   20:29     W
27  10.5  17.4   13:41   2.9   05:18   7.8   0.0   0.0   3.4  23.5   20:20    SE
28   9.8  11.8   16:10   7.9   04:49   8.5   0.0  14.1   1.9  12.1   00:12     E
29  11.4  18.0   12:10   8.1   05:58   6.9   0.0   4.8   1.3  12.1   07:18   NNW
30  13.6  18.7   17:12  11.0   01:02   4.7   0.0   0.9   1.4  11.4   17:24   WNW
31  15.3  22.7   14:06   9.9   05:00   3.9   0.9   0.0   2.1  15.9   20:37   WNW
----------------------------------------------------------------------------------
    10.9  24.5     7     0.4     2   233.5   4.1  58.2   2.2  31.1     9       W

Max >=  27.0:  0
Max <=   0.0:  0
Min <=   0.0:  0
Min <= -18.0:  0
Max Rain: 14.1 on day 28
Days of Rain: 17 (>= 0.2 mm)  8 (>= 2.0 mm)  0 (>= 20.0 mm)
Heat Base: 18.3  Cool Base: 18.3  Method: Integration