NOAA-Style Climate Reports


Report for 2013 June
                   Monthly Climatological Summary for Jun 2013

Name: StaffordWX   City: Stafford   State: Staffordshire
Elevation: 57 m  Lat: N 52° 47' 32"   Lon: W 002° 07' 13"

                  Temperature (°C), Rain (mm), Wind Speed (mph)

                                      Heat  Cool        Avg
    Mean                              Deg   Deg         Wind                 Dom
Day Temp  High   Time   Low    Time   Days  Days  Rain  Speed High   Time    Dir
----------------------------------------------------------------------------------
 1  12.1  17.9   14:07   6.1   04:45   6.2   0.0   0.0   2.4  14.5   09:49   WNW
 2  12.8  19.6   16:55   6.4   03:38   5.5   0.1   0.0   1.5  11.4   16:35   WNW
 3  14.1  22.6   15:13   4.3   04:39   5.1   0.9   0.0   1.3  10.7   17:39     E
 4  14.6  21.7   15:29   5.2   05:10   4.5   0.8   0.0   1.9  13.6   14:36   ENE
 5  12.9  16.7   15:39   8.0   23:51   5.4   0.0   0.0   1.6   9.2   00:27     E
 6  13.5  20.9   17:48   8.2   00:00   5.1   0.3   0.0   2.4  11.4   13:15     E
 7  15.2  23.0   15:01   6.1   05:22   4.3   1.2   0.0   2.2  14.5   16:59     E
 8  14.0  20.6   15:04   7.3   05:11   4.6   0.3   0.0   2.3  13.0   13:32     E
 9  14.0  20.7   16:23   8.1   01:01   4.7   0.3   0.0   2.1  13.0   20:28     E
10  12.5  17.5   16:00   6.7   02:25   5.8   0.0   0.0   2.1  10.7   15:24   ESE
11  13.9  20.1   17:24   9.3   03:47   4.6   0.1   0.6   2.5  13.0   16:57    SE
12  16.0  21.3   14:32  12.7   23:58   2.7   0.3   3.9   3.3  18.3   10:54    SE
13  13.7  19.0   12:58  11.1   23:18   4.6   0.0   2.7   2.7  17.4   13:33   WSW
14  13.4  19.8   14:40   7.6   05:14   4.9   0.0   2.4   3.0  21.3   18:27    SE
15  12.9  17.4   11:54   8.7   04:25   5.4   0.0   3.3   2.7  19.0   10:24     S
16  14.9  20.3   10:34  10.0   04:59   3.5   0.1   0.3   1.6  12.1   13:31   SSE
17  15.1  19.3   14:42  11.3   05:00   3.2   0.0   0.0   1.9  13.0   19:42     E
18  17.1  23.3   14:19   9.9   04:19   2.7   1.5   0.0   1.6  10.7   11:39     E
19  18.8  25.5   10:42  11.1   23:57   1.6   2.1   0.0   1.6  12.1   10:48   WNW
20  15.4  21.4   14:22  10.5   01:39   3.3   0.4   1.5   1.2  11.4   12:59     E
21  17.6  24.2   16:04  12.8   23:53   2.0   1.3   0.3   1.5  12.1   22:45     W
22  13.1  17.4   12:54  10.6   02:46   5.2   0.0   8.4   2.8  17.4   10:09   SSE
23  12.4  15.0   15:32  10.3   23:51   5.9   0.0   6.3   3.4  25.1   17:45     W
24  13.3  19.2   15:12   8.8   23:48   5.0   0.0   0.0   2.6  17.4   00:17     W
25  14.7  22.3   14:48   5.2   04:37   4.6   0.9   0.0   0.9   8.3   12:00   WNW
26  15.1  21.9   12:56   9.2   02:33   3.8   0.6   0.0   1.8  13.6   15:45   WNW
27  13.2  19.4   11:09   9.5   04:05   5.1   0.0   4.5   1.8  12.1   09:57     W
28  15.5  19.6   13:16  12.8   00:04   3.0   0.2   1.2   2.6  14.5   01:04     W
29  16.0  22.5   15:19  10.6   04:36   3.1   0.8   0.0   2.2  14.5   00:03     W
30  17.3  23.4   10:57  12.0   03:55   2.1   1.2   0.3   2.0  17.4   14:20   WNW
----------------------------------------------------------------------------------
    14.5  25.5    19     4.3     3   127.5  13.4  35.7   2.1  25.1    23     SSE

Max >=  27.0:  0
Max <=   0.0:  0
Min <=   0.0:  0
Min <= -18.0:  0
Max Rain: 8.4 on day 22
Days of Rain: 13 (>= 0.2 mm)  7 (>= 2.0 mm)  0 (>= 20.0 mm)
Heat Base: 18.3  Cool Base: 18.3  Method: Integration