NOAA-Style Climate Reports

Select a Year or Month report
2022: Jan Feb Mar Apr May Jun Jul Aug Sep Oct Nov Dec
2021: Jan Feb Mar Apr May Jun Jul Aug Sep Oct Nov Dec
2020: Jan Feb Mar Apr May Jun Jul Aug Sep Oct Nov Dec
2019: Jan Feb Mar Apr May Jun Jul Aug Sep Oct Nov Dec
2018: Jan Feb Mar Apr May Jun Jul Aug Sep Oct Nov Dec
2017: Jan Feb Mar Apr May Jun Jul Aug Sep Oct Nov Dec
2016: Jan Feb Mar Apr May Jun Jul Aug Sep Oct Nov Dec
2015: Jan Feb Mar Apr May Jun Jul Aug Sep Oct Nov Dec
2014: Jan Feb Mar Apr May Jun Jul Aug Sep Oct Nov Dec
2013: Jan Feb Mar Apr May Jun Jul Aug Sep Oct Nov Dec
2012: Jan Feb Mar Apr May Jun Jul Aug Sep Oct Nov Dec
2011: Jan Feb Mar Apr May Jun Jul Aug Sep Oct Nov Dec

Report for 2013 November
                   Monthly Climatological Summary for Nov 2013

Name: StaffordWX   City: Stafford   State: Staffordshire
Elevation: 57 m  Lat: N 52° 47' 32"   Lon: W 002° 07' 13"

                  Temperature (°C), Rain (mm), Wind Speed (mph)

                                      Heat  Cool        Avg
    Mean                              Deg   Deg         Wind                 Dom
Day Temp  High   Time   Low    Time   Days  Days  Rain  Speed High   Time    Dir
----------------------------------------------------------------------------------
 1   8.6  11.9   14:21   5.6   06:37   9.7   0.0   6.0   1.1  10.7   14:36    SE
 2   8.6  11.3   13:30   5.5   04:15   9.7   0.0   0.9   3.3  25.9   15:00   SSE
 3   6.9  11.4   12:53   4.8   07:22  11.4   0.0   0.0   1.9  17.4   12:15   WNW
 4   4.3   9.4   13:24   0.0   07:19  14.0   0.0   0.3   1.0  11.4   11:10   WNW
 5   6.4   9.8   11:35   1.9   00:00  11.9   0.0   4.5   1.6  17.4   11:56     W
 6   8.4   9.9   13:43   6.8   04:37   9.9   0.0  10.2   1.0   9.2   20:11     S
 7   6.2   9.4   13:28   3.5   07:35  12.1   0.0   0.3   1.1  13.6   13:37   SSE
 8   5.4   7.7   10:11   2.2   23:30  12.9   0.0   2.7   0.9   8.3   00:38   SSE
 9   3.5   6.2   12:51   0.5   05:54  14.8   0.0   0.3   0.7  11.4   11:55   SSE
10   3.8   8.2   13:28   0.5   06:23  14.5   0.0   0.3   0.6  11.4   11:40   WNW
11   9.8  13.0   14:39   4.8   00:00   8.5   0.0   4.5   2.0  17.4   04:31    SE
12   7.3  10.8   12:17   2.0   22:45  11.0   0.0   0.3   0.9   9.8   11:36   WNW
13   4.9   9.0   12:58  -1.0   05:52  13.4   0.0   0.0   1.4  13.6   22:51   SSE
14   5.9   7.8   02:16   1.5   23:58  12.4   0.0   1.2   2.7  20.6   08:20   WNW
15   4.8   9.0   14:55  -1.6   05:36  13.5   0.0   0.0   0.3   5.4   17:35   WNW
16   7.9  10.4   13:26   5.0   19:26  10.4   0.0   0.3   0.8   6.9   14:35   WNW
17   8.4  10.9   12:08   5.9   00:45   9.9   0.0   0.0   0.2   4.5   23:55    SE
18   6.7   8.4   10:15   2.5   21:33  11.6   0.0   0.9   1.0  11.4   23:54     W
19   1.3   4.2   13:20  -3.0   20:49  17.0   0.0   0.9   1.3  11.4   02:21   WNW
20   3.8   6.5   13:14   0.1   00:01  14.5   0.0   7.2   2.9  22.8   09:05   WNW
21   4.8   8.1   13:19   1.6   21:08  13.5   0.0   0.9   1.4  15.2   01:35   NNW
22   2.3   7.2   13:27  -1.9   23:33  15.9   0.0   0.0   0.5   6.9   09:30    NW
23  -0.7   4.8   14:07  -3.4   04:54  19.0   0.0   0.0   0.2   6.0   13:28    NW
24   3.6   7.4   13:22  -2.3   00:00  14.7   0.0   0.0   0.4   9.8   13:57    NW
25   1.0   5.1   13:13  -3.2   23:59  17.3   0.0   0.0   0.3   4.5   13:11   WNW
26   2.8   6.6   14:46  -3.2   00:00  15.5   0.0   0.0   0.5   7.6   21:04   WNW
27   9.0  10.5   10:54   6.5   00:00   9.3   0.0   0.0   1.9  12.1   11:14   WNW
28   7.8  11.3   13:20   4.7   03:03  10.5   0.0   0.0   0.3  25.9   12:50   WNW
29   7.4   9.9   10:43   5.5   23:40  10.9   0.0   0.6   3.5  21.3   11:49   WNW
30   4.4   6.4   23:58   2.0   07:44  13.9   0.0   0.0   1.3  97.3   01:12   WNW
----------------------------------------------------------------------------------
     5.5  13.0    11    -3.4    23   383.6   0.0  42.3   1.2  97.3    30       W

Max >=  27.0:  0
Max <=   0.0:  0
Min <=   0.0:  9
Min <= -18.0:  0
Max Rain: 10.2 on day 6
Days of Rain: 18 (>= 0.2 mm)  6 (>= 2.0 mm)  0 (>= 20.0 mm)
Heat Base: 18.3  Cool Base: 18.3  Method: Integration