NOAA-Style Climate Reports


Report for 2014 January
                   Monthly Climatological Summary for Jan 2014

Name: StaffordWX   City: Stafford   State: Staffordshire
Elevation: 57 m  Lat: N 52° 47' 32"   Lon: W 002° 07' 13"

                  Temperature (°C), Rain (mm), Wind Speed (mph)

                                      Heat  Cool        Avg
    Mean                              Deg   Deg         Wind                 Dom
Day Temp  High   Time   Low    Time   Days  Days  Rain  Speed High   Time    Dir
----------------------------------------------------------------------------------
 1   7.0  10.4   16:15   3.9   01:32  11.3   0.0   6.6   4.3  25.1   13:08    SE
 2   6.3   9.0   23:50   2.7   07:45  12.0   0.0   1.8   2.7  22.8   23:42    SE
 3   6.0   9.0   00:00   4.2   17:25  12.3   0.0   5.4   4.9  28.2   05:04   SSE
 4   4.0   5.6   05:49   0.7   23:11  14.3   0.0   0.9   1.5  13.6   00:42    SE
 5   4.6  10.9   21:22   0.2   06:57  13.7   0.0   3.0   3.9  25.1   20:51    SE
 6   8.3  10.5   12:26   6.2   06:26  10.0   0.0   1.2   4.9  33.6   13:53   SSE
 7   7.3   9.5   14:05   5.9   07:04  11.0   0.0   4.5   3.9  21.3   11:26   SSE
 8   7.4   9.2   23:41   5.9   01:35  10.9   0.0   4.5   2.0  16.8   04:42    SE
 9   5.6   9.3   00:35   2.2   23:36  12.7   0.0   5.7   2.4  21.3   07:50   WNW
10   4.4   7.3   13:29   0.8   03:41  13.9   0.0   0.3   2.2  14.5   22:09   SSE
11   2.8   7.1   00:00  -2.7   23:52  15.5   0.0   0.9   0.9  12.1   11:45   WNW
12   1.9   7.1   22:55  -3.6   05:28  16.4   0.0   1.8   2.5  15.9   18:26    SE
13   4.5   7.5   14:45   2.2   08:30  13.8   0.0   2.1   2.0  15.2   14:53    SE
14   3.2   5.5   13:51   0.8   07:06  15.1   0.0   4.2   2.1  13.6   19:42   SSE
15   8.2  10.7   13:31   5.4   00:00  10.1   0.0   4.2   2.5  15.9   11:07    SE
16   6.3   8.6   13:38   4.3   08:14  12.0   0.0   0.3   2.9  16.8   12:35    SE
17   6.0   8.4   13:55   3.3   23:55  12.3   0.0   0.0   2.6  16.8   07:40    SE
18   6.5   9.3   13:02   1.3   01:38  11.7   0.0   2.1   4.1  18.3   15:30    SE
19   4.2   7.0   13:41   1.0   19:15  14.1   0.0   3.0   1.1  13.0   00:20    SE
20   1.8   8.2   08:22  -2.6   08:27  16.8   0.0   0.0   0.6   9.8   08:22    SE
21   3.4   6.6   13:55  -1.4   05:50  14.9   0.0   3.0   2.5  15.2   17:29    SE
22   6.3   8.9   14:25   4.3   23:59  12.0   0.0   0.3   1.5  12.1   11:52   SSE
23   3.6   7.2   13:15  -1.2   23:51  14.7   0.0   0.6   1.9  18.3   12:30   WNW
24   4.3   6.8   23:55  -1.2   00:00  14.0   0.0   7.5   2.4  13.0   11:49    SE
25   5.5  10.1   13:57   2.0   23:54  13.0   0.0   2.7   2.3  21.3   13:37     W
26   4.0   7.6   13:24   1.8   01:44  14.3   0.0   4.5   3.2  22.1   07:24   SSE
27   4.0   7.5   12:41   1.2   02:14  14.3   0.0   1.2   2.8  15.2   01:45   SSE
28   5.8   7.7   14:46   4.3   02:41  12.5   0.0   3.0   4.3  18.3   12:37    SE
29   4.2   5.4   00:00   1.7   22:48  14.1   0.0   6.0   3.9  18.3   13:51     E
30   2.0   3.1   23:19   1.4   06:13  16.3   0.0   0.6   1.8  13.6   02:02     E
31   4.1   7.1   21:09   1.4   06:31  14.2   0.0   4.5   4.1  22.1   17:18    SE
----------------------------------------------------------------------------------
     5.0  10.9     5    -3.6    12   414.2   0.0  86.4   2.7  33.6     6      SE

Max >=  27.0:  0
Max <=   0.0:  0
Min <=   0.0:  6
Min <= -18.0:  0
Max Rain: 7.5 on day 24
Days of Rain: 29 (>= 0.2 mm)  18 (>= 2.0 mm)  0 (>= 20.0 mm)
Heat Base: 18.3  Cool Base: 18.3  Method: Integration