NOAA-Style Climate Reports


Report for 2014 February
                   Monthly Climatological Summary for Feb 2014

Name: StaffordWX   City: Stafford   State: Staffordshire
Elevation: 57 m  Lat: N 52° 47' 32"   Lon: W 002° 07' 13"

                  Temperature (°C), Rain (mm), Wind Speed (mph)

                                      Heat  Cool        Avg
    Mean                              Deg   Deg         Wind                 Dom
Day Temp  High   Time   Low    Time   Days  Days  Rain  Speed High   Time    Dir
----------------------------------------------------------------------------------
 1   4.4   6.7   00:41   0.4   05:31  13.9   0.0   2.7   4.9  28.2   12:20   SSE
 2   6.2   8.4   13:46   4.7   07:32  12.1   0.0   0.3   2.9  18.3   02:28   SSE
 3   5.7   7.9   11:37   4.3   20:07  12.6   0.0   0.0   5.6  22.8   16:20    SE
 4   5.0   7.6   14:26   1.3   06:08  13.3   0.0   3.0   5.3  27.3   23:01    SE
 5   6.3   8.4   15:11   4.8   08:04  12.0   0.0   6.9   7.5  37.4   11:50    SE
 6   5.7   7.8   02:03   2.7   23:57  12.6   0.0   6.6   2.4  18.3   03:00    SE
 7   4.9   7.6   12:25   2.1   00:32  13.4   0.0   1.8   2.8  25.9   23:37     S
 8   6.1   8.4   13:28   4.1   04:52  12.2   0.0   6.6   6.7  36.5   15:04   SSE
 9   5.2   8.6   12:56   0.8   23:32  13.1   0.0   0.3   4.0  23.5   11:16   SSW
10   1.0   4.1   14:32  -2.2   06:08  17.3   0.0   2.4   0.7   8.3   00:21     E
11   2.5   5.4   15:16   0.1   01:01  15.8   0.0   7.2   2.7  22.8   06:26    SE
12   4.5   7.2   17:09   0.6   00:20  13.8   0.0   6.6   5.9  33.6   11:42    SE
13   3.7   7.0   12:59   0.9   08:11  14.6   0.0   0.0   2.9  19.7   15:55     S
14   4.8   8.8   17:08   1.9   03:52  13.5   0.0   4.8   5.4  32.7   21:15    SE
15   5.8   7.8   00:00   3.5   23:54  12.5   0.0   2.7   4.8  32.0   00:21     W
16   4.0   9.0   13:32   0.8   08:08  14.5   0.0   0.0   1.6  12.1   14:18     W
17   6.5   9.5   12:55   2.4   00:56  11.6   0.0   1.5   3.6  17.4   16:30    SE
18   7.3  10.7   13:37   5.2   21:52  11.0   0.0   0.3   1.1  10.7   11:31    SE
19   5.6   6.1   00:00   5.1   01:58  12.7   0.0   0.0   0.7   6.0   02:10   WSW
20   6.4  12.1   12:15   0.7   23:39  11.8   0.0   0.9   1.6  32.0   13:10     W
21   4.7   8.8   12:58   0.7   00:02  13.5   0.0   0.0   3.1  21.3   11:12   SSE
22   6.7  10.4   12:07   1.1   07:36  11.6   0.0   0.3   2.8  21.3   22:11   SSE
23  10.0  12.0   14:00   7.3   00:55   8.6   0.0   0.3   5.6  28.9   16:35   SSE
24   8.8  11.1   14:11   6.9   08:42   9.5   0.0   0.6   4.3  20.6   23:54    SE
25   7.0  10.5   12:32   3.7   23:56  11.3   0.0   1.5   3.8  20.6   11:35    SE
26   5.8  10.3   12:48   2.5   04:17  12.5   0.0   0.0   2.6  15.9   10:34   SSE
27   6.0   9.9   11:42   1.0   23:58  12.2   0.0   3.0   3.1  25.9   03:05     S
28   3.3   8.3   14:46  -0.9   23:43  15.0   0.0   0.0   1.3  12.1   05:51   NNE
----------------------------------------------------------------------------------
     5.5  12.1    20    -2.2    10   358.5   0.0  60.3   3.6  37.4     5     SSE

Max >=  27.0:  0
Max <=   0.0:  0
Min <=   0.0:  2
Min <= -18.0:  0
Max Rain: 7.2 on day 11
Days of Rain: 21 (>= 0.2 mm)  11 (>= 2.0 mm)  0 (>= 20.0 mm)
Heat Base: 18.3  Cool Base: 18.3  Method: Integration