NOAA-Style Climate Reports


Report for 2014 April
                   Monthly Climatological Summary for Apr 2014

Name: StaffordWX   City: Stafford   State: Staffordshire
Elevation: 57 m  Lat: N 52° 47' 32"   Lon: W 002° 07' 13"

                  Temperature (°C), Rain (mm), Wind Speed (mph)

                                      Heat  Cool        Avg
    Mean                              Deg   Deg         Wind                 Dom
Day Temp  High   Time   Low    Time   Days  Days  Rain  Speed High   Time    Dir
----------------------------------------------------------------------------------
 1  10.5  16.3   16:13   7.0   23:14   7.8   0.0   3.3   0.5   7.6   18:33     E
 2   9.6  11.8   17:09   7.2   00:54   8.7   0.0   0.6   4.2  29.8   10:19     E
 3   9.0  11.3   13:42   7.7   06:17   9.4   0.0   7.2   2.7  13.0   04:59     E
 4  10.1  14.8   12:33   5.1   22:59   8.2   0.0   2.1   0.9   9.8   12:12   WNW
 5  11.2  15.0   15:18   6.1   00:00   7.1   0.0   0.3   2.8  15.9   12:54    SE
 6  13.3  16.1   15:55  10.8   23:46   5.0   0.0   1.8   3.6  22.8   08:29   SSE
 7  10.6  15.3   14:21   5.5   22:07   7.7   0.0   8.1   2.4  21.3   09:35   SSE
 8   8.4  13.5   15:27   3.8   06:09   9.8   0.0   0.6   2.7  16.8   11:21   WNW
 9  10.4  15.8   13:17   5.3   06:31   8.0   0.0   0.0   1.9  13.0   16:34   WNW
10   9.3  15.0   13:04   3.5   05:03   9.0   0.0   0.0   0.9   9.8   13:25   WNW
11   9.5  16.4   10:01   3.9   02:41   8.8   0.0   0.0   1.0   9.2   14:06    NW
12   8.8  15.2   15:39   4.1   02:14   9.5   0.0   0.6   2.2  16.8   18:27   WNW
13   9.6  14.7   12:53   4.8   03:23   8.7   0.0   0.0   3.2  17.4   10:19   WNW
14  10.0  15.6   14:15   5.7   05:48   8.3   0.0   0.0   2.3  15.9   01:08   WNW
15   9.0  16.6   14:36   0.6   06:08   9.3   0.0   0.0   1.5  10.7   16:07    SE
16  10.0  16.8   15:26   1.9   05:46   8.3   0.0   0.6   2.1  13.0   12:46    SE
17   9.6  14.8   12:07   4.5   06:21   8.7   0.0   0.0   2.1  14.5   16:53   WNW
18   8.2  14.8   14:44   1.0   06:19  10.1   0.0   0.0   1.4  13.0   15:22     E
19   6.9  13.8   16:49   0.1   06:02  11.4   0.0   0.0   2.0  13.6   13:45     E
20   9.8  14.7   16:42   5.4   00:16   8.5   0.0   0.9   2.9  17.4   18:58   ENE
21  13.0  19.8   15:22   7.7   03:18   5.5   0.1   0.0   2.4  18.3   16:05     E
22  11.3  15.1   17:09   8.8   00:00   7.0   0.0   0.6   1.2  11.4   14:17    SE
23  11.2  16.7   12:27   6.5   05:15   7.1   0.0   1.5   2.5  15.2   12:01    SE
24  10.7  17.0   13:40   4.9   04:05   7.6   0.0   0.3   0.7   8.3   16:46     E
25   9.4  10.5   10:19   7.9   06:34   8.9   0.0  14.1   0.9   9.8   05:56   ENE
26  10.7  16.7   14:32   6.5   01:51   7.6   0.0   1.5   4.2  22.8   17:30    SE
27  10.6  17.2   13:25   6.2   04:44   7.7   0.0   2.4   2.0  15.2   18:56     E
28  11.8  19.4   13:43   4.8   05:57   6.5   0.0   0.3   0.9   9.8   15:40     E
29  12.9  19.7   13:50   8.6   00:46   5.4   0.0   0.0   1.1   9.2   04:30   ESE
30  14.7  20.9   14:58  10.1   22:56   3.9   0.4   0.0   1.0  12.1   15:26    SE
----------------------------------------------------------------------------------
    10.3  20.9    30     0.1    19   239.5   0.5  46.8   2.0  29.8     2     ESE

Max >=  27.0:  0
Max <=   0.0:  0
Min <=   0.0:  0
Min <= -18.0:  0
Max Rain: 14.1 on day 25
Days of Rain: 18 (>= 0.2 mm)  6 (>= 2.0 mm)  0 (>= 20.0 mm)
Heat Base: 18.3  Cool Base: 18.3  Method: Integration