NOAA-Style Climate Reports


Report for 2014 August
                   Monthly Climatological Summary for Aug 2014

Name: StaffordWX   City: Stafford   State: Staffordshire
Elevation: 57 m  Lat: N 52° 47' 32"   Lon: W 002° 07' 13"

                  Temperature (°C), Rain (mm), Wind Speed (mph)

                                      Heat  Cool        Avg
    Mean                              Deg   Deg         Wind                 Dom
Day Temp  High   Time   Low    Time   Days  Days  Rain  Speed High   Time    Dir
----------------------------------------------------------------------------------
 1  16.7  21.3   12:03  13.7   04:35   1.8   0.2  10.8   1.2  15.9   17:06    SE
 2  16.7  22.4   15:42  12.0   23:31   2.2   0.6   3.6   2.1  14.5   17:58    SE
 3  16.6  23.4   14:52  10.2   05:20   2.9   1.3   0.0   1.9  17.4   11:33   SSE
 4  17.0  24.7   14:24  10.4   05:29   3.0   1.7   0.0   0.7   9.8   16:20   WSW
 5  16.1  21.5   18:06   9.0   03:51   2.8   0.6   2.1   1.3  12.1   09:54    SE
 6  19.0  24.7   15:15  15.3   02:24   1.1   1.7   4.8   2.1  13.6   13:31   WSW
 7  17.6  25.5   10:32  10.7   05:45   2.6   1.9   0.0   0.6   8.3   19:13   WNW
 8  18.3  26.1   15:20  11.1   01:36   2.1   2.1   0.0   1.3  11.4   10:29     E
 9  17.5  23.5   14:08  11.6   05:42   2.1   1.4   0.6   1.7  15.2   12:30   WNW
10  13.9  18.3   13:43  11.1   20:59   4.4   0.0  13.2   2.0  21.3   16:40   WNW
11  15.7  21.1   15:17  10.6   05:48   3.1   0.5   0.3   2.9  21.3   16:42   WNW
12  14.9  20.4   15:06  10.2   05:32   3.6   0.2   0.3   2.1  19.7   17:56     W
13  15.0  20.1   13:49   9.8   06:14   3.5   0.2   0.0   1.5  12.1   19:37   WNW
14  14.8  22.8   12:37  10.1   02:56   3.8   0.3   1.5   1.0  11.4   16:47   WNW
15  15.8  22.0   14:40  11.6   03:30   3.3   0.8   0.6   1.3  12.1   16:16   WNW
16  14.7  19.1   15:44  10.5   05:24   3.6   0.0   0.0   2.0  13.0   17:08   WNW
17  15.2  19.4   10:01  11.5   06:44   3.2   0.0   1.2   3.0  17.4   15:56   WNW
18  14.4  21.6   10:31  10.6   22:37   4.0   0.1   2.1   2.6  14.5   15:30   WNW
19  11.7  17.9   15:21   8.2   05:09   6.6   0.0   4.5   1.7  13.6   14:17   WNW
20  11.9  18.3   14:46   5.3   04:23   6.4   0.0   0.0   1.3  10.7   11:04   WNW
21  11.8  17.3   15:12   5.7   02:57   6.5   0.0   0.6   1.4  17.4   12:48    SW
22  12.9  17.6   13:31   8.5   23:57   5.4   0.0   0.3   1.4  11.4   00:57   WNW
23  12.1  18.2   15:46   6.4   02:23   6.2   0.0   0.0   1.5  12.1   11:11   WNW
24  13.2  20.1   15:06   6.1   06:09   5.2   0.1   0.0   0.9   8.3   15:57   SSE
25  12.9  14.7   15:37  10.8   05:34   5.4   0.0   9.0   2.1  10.7   15:43     E
26  14.2  17.3   12:58   9.5   23:57   4.1   0.0   2.1   2.4  15.9   15:22     E
27  14.2  20.5   13:43   6.2   04:39   4.3   0.2   0.0   3.2  15.2   15:04   ESE
28  15.2  20.2   10:07  12.6   23:24   3.2   0.1   3.0   1.7  12.1   11:32    SE
29  15.6  19.8   09:50  12.1   01:41   2.8   0.1   0.3   2.5  18.3   11:23   SSE
30  15.3  19.1   13:23  11.6   03:49   3.1   0.1   0.0   1.4  12.1   07:05   WNW
31  16.1  22.6   13:45  11.4   23:22   2.9   0.7   0.0   1.2   8.3   10:21   WNW
----------------------------------------------------------------------------------
    15.1  26.1     8     5.3    20   115.2  14.9  60.9   1.7  21.3    10     WSW

Max >=  27.0:  0
Max <=   0.0:  0
Min <=   0.0:  0
Min <= -18.0:  0
Max Rain: 13.2 on day 10
Days of Rain: 19 (>= 0.2 mm)  10 (>= 2.0 mm)  0 (>= 20.0 mm)
Heat Base: 18.3  Cool Base: 18.3  Method: Integration