NOAA-Style Climate Reports


Report for 2014 October
                   Monthly Climatological Summary for Oct 2014

Name: StaffordWX   City: Stafford   State: Staffordshire
Elevation: 57 m  Lat: N 52° 47' 32"   Lon: W 002° 07' 13"

                  Temperature (°C), Rain (mm), Wind Speed (mph)

                                      Heat  Cool        Avg
    Mean                              Deg   Deg         Wind                 Dom
Day Temp  High   Time   Low    Time   Days  Days  Rain  Speed High   Time    Dir
----------------------------------------------------------------------------------
 1  14.8  19.9   12:22  10.3   22:58   3.7   0.2   0.3   1.1  10.7   02:55     W
 2  11.7  18.0   15:42   6.3   05:36   6.6   0.0   0.3   0.7   9.8   13:25    SE
 3  14.9  20.1   13:39   8.9   01:08   3.6   0.2   0.0   2.2  15.9   12:34    SE
 4  11.6  15.0   02:45   5.0   23:52   6.7   0.0   4.5   2.3  19.7   04:31   SSE
 5   8.8  15.2   13:31   2.9   03:17   9.5   0.0   0.0   1.6  13.0   13:07    SE
 6   9.7  13.6   14:37   4.7   23:58   8.6   0.0  10.2   3.5  21.3   06:16    SE
 7   7.3  11.8   15:50   3.0   03:01  11.0   0.0   3.6   1.0  15.2   16:11   WNW
 8   8.4  15.3   12:56   3.6   04:17   9.9   0.0   8.7   1.2  14.5   15:34    SE
 9  10.6  13.8   15:04   7.9   00:15   7.7   0.0   3.0   2.8  22.1   10:34    SE
10   9.6  16.4   12:53   5.8   05:57   8.7   0.0   1.8   1.0  16.8   11:23    SE
11   8.5  14.2   15:18   4.3   23:48   9.7   0.0   0.3   0.3   9.2   15:46    SE
12   7.6  13.1   15:15   2.7   02:33  10.7   0.0   0.0   0.5   7.6   22:17     E
13  10.6  12.3   13:41   9.6   20:03   7.7   0.0  16.2   2.1  13.6   13:43   NNW
14  10.8  12.3   14:18   9.8   07:52   7.4   0.0   1.2   1.1  12.1   02:02   NNW
15  11.7  14.4   11:21  10.5   03:51   6.6   0.0   3.9   2.2  13.0   19:19   ESE
16  12.8  16.6   12:44  11.0   20:28   5.5   0.0   0.9   0.7   8.3   11:32    SE
17  14.6  17.8   12:54  11.7   03:40   3.7   0.0   2.7   2.4  19.7   19:22    SE
18  16.6  18.9   12:53  14.9   23:55   1.8   0.1   0.3   3.5  19.7   12:10    SE
19  14.5  18.4   12:26  12.2   02:53   3.8   0.0   0.3   2.4  22.1   10:20     S
20  11.9  14.6   13:34   9.7   05:36   6.4   0.0   0.0   1.6  57.3   14:11   SSE
21   9.4  12.6   06:28   5.7   22:11   8.9   0.0   7.2   4.4  22.8   11:00   WNW
22   9.6  12.9   12:35   6.3   01:05   8.7   0.0   0.0   1.8  12.1   01:40   WNW
23  12.9  16.7   13:19  10.7   00:00   5.4   0.0   0.0   1.9  15.2   12:56   SSE
24  12.1  15.8   11:37   6.3   23:35   6.2   0.0   0.3   1.1   9.8   02:42     S
25   9.7  13.9   13:58   4.7   07:11   8.8   0.0   0.0   1.5  15.2   12:45    SE
26  12.5  14.3   13:21  10.2   00:00   6.1   0.0   0.0   2.3  19.7   18:56    SE
27  14.3  16.0   15:08  12.9   07:06   4.0   0.0   0.0   2.2  17.4   09:02    SE
28  13.6  17.9   13:39   8.6   22:13   4.7   0.0   3.0   2.5  14.5   17:10   SSE
29   8.3  10.2   23:20   3.5   05:49  10.0   0.0   1.2   1.4  12.1   19:20   ESE
30  14.4  17.4   13:28  10.2   00:00   3.9   0.0   0.0   1.9  13.0   09:21    SE
31  16.3  18.3   13:27  14.2   02:44   2.0   0.0   0.0   2.9  15.2   23:12    SE
----------------------------------------------------------------------------------
    11.6  20.1     3     2.7    12   208.0   0.5  69.9   1.9  57.3    20      SE

Max >=  27.0:  0
Max <=   0.0:  0
Min <=   0.0:  0
Min <= -18.0:  0
Max Rain: 16.2 on day 13
Days of Rain: 20 (>= 0.2 mm)  10 (>= 2.0 mm)  0 (>= 20.0 mm)
Heat Base: 18.3  Cool Base: 18.3  Method: Integration