NOAA-Style Climate Reports


Report for 2014 December
                   Monthly Climatological Summary for Dec 2014

Name: StaffordWX   City: Stafford   State: Staffordshire
Elevation: 57 m  Lat: N 52° 47' 32"   Lon: W 002° 07' 13"

                  Temperature (°C), Rain (mm), Wind Speed (mph)

                                      Heat  Cool        Avg
    Mean                              Deg   Deg         Wind                 Dom
Day Temp  High   Time   Low    Time   Days  Days  Rain  Speed High   Time    Dir
----------------------------------------------------------------------------------
 1   7.3   8.3   02:18   6.2   21:34  11.0   0.0   0.0   0.9   7.6   09:42     E
 2   4.7   7.3   11:12  -0.2   23:07  13.6   0.0   0.0   1.3  40.0   23:05    NW
 3   0.5   6.8   14:03  -2.9   07:47  17.8   0.0   0.0   0.3   5.4   12:37    NW
 4   3.6   6.6   12:23  -0.3   00:00  14.7   0.0   0.0   0.2   5.4   13:37   ENE
 5   2.8   6.6   13:33  -0.3   23:59  15.5   0.0   1.2   1.2  14.5   15:31   WNW
 6   1.4   6.5   23:57  -3.4   07:22  16.9   0.0   0.3   0.7   9.8   22:04   SSE
 7   5.2   8.8   06:16  -0.1   21:12  13.1   0.0   2.4   2.2  15.9   11:10     W
 8   2.2   5.7   11:49   0.0   23:15  16.1   0.0   0.6   2.0  16.8   12:50   WNW
 9   4.1  10.8   22:48  -1.7   03:53  14.2   0.0   2.1   3.1  26.6   14:45   SSE
10   5.4   8.4   00:00   2.1   09:00  12.9   0.0   0.3   2.8  20.6   23:54   WNW
11   4.8   6.2   13:42   3.0   07:10  13.7   0.0   7.2   2.8  22.1   02:37    NW
12   3.5   5.7   00:31   0.8   17:58  14.8   0.0   6.3   1.8  15.2   02:17   WNW
13   0.7   4.3   13:18  -2.8   06:48  17.6   0.0   0.3   0.9   9.8   11:34     W
14   5.6   9.0   14:29   0.7   00:00  12.7   0.0   3.0   2.9  19.7   10:02   SSE
15   4.3   7.7   13:43   1.2   21:33  14.2   0.0   0.3   0.9  11.4   14:10   WNW
16   5.4   7.7   12:37   3.4   00:00  12.9   0.0   6.3   1.9  19.0   22:50    SW
17  10.3  12.7   13:02   6.4   00:00   8.0   0.0   1.2   1.4  13.0   00:51   WNW
18  12.2  13.2   12:30  11.2   00:00   6.1   0.0   0.9   2.9  24.4   04:31    NW
19   6.7  12.3   00:41   4.9   07:42  11.6   0.0   3.0   2.7  15.9   13:29   WNW
20   6.8   8.5   13:49   5.2   19:21  11.6   0.0   0.3   2.8  19.0   10:50   WNW
21   9.3  12.3   23:23   6.1   03:58   9.0   0.0   0.0   2.2  17.4   12:54     W
22  12.3  13.4   13:23  11.4   19:59   6.0   0.0   0.0   4.4  21.3   03:00    NW
23  10.9  12.1   11:05   9.8   07:04   7.4   0.0   0.6   3.9  19.7   00:55     W
24   5.7  10.6   00:48   3.3   21:10  12.6   0.0   2.7   1.9  12.1   01:11   WNW
25   3.3   7.9   13:35  -0.3   04:36  15.0   0.0   1.2   0.8  10.7   13:41   WNW
26   1.3   4.1   14:04   0.2   03:13  17.0   0.0   3.6   1.5  13.6   15:10   ESE
27   0.7   3.2   14:15  -1.5   20:33  17.6   0.0   5.4   0.7  13.6   03:13   WNW
28  -1.7   1.4   13:51  -4.0   08:04  20.0   0.0   0.0   0.1   3.8   11:50   WNW
29  -1.5   2.1   14:37  -4.5   08:14  20.1   0.0   0.0   0.2   4.5   15:00   WNW
30  -1.3   2.2   13:47  -4.4   03:41  19.6   0.0   0.3   0.5   6.9   13:46    SE
31   2.5   6.1   21:44  -2.5   04:08  15.8   0.0   0.9   1.6  13.0   18:28    SE
----------------------------------------------------------------------------------
     4.5  13.4    22    -4.5    29   429.1   0.0  50.4   1.7  40.0     2     WNW

Max >=  27.0:  0
Max <=   0.0:  0
Min <=   0.0: 15
Min <= -18.0:  0
Max Rain: 7.2 on day 11
Days of Rain: 23 (>= 0.2 mm)  10 (>= 2.0 mm)  0 (>= 20.0 mm)
Heat Base: 18.3  Cool Base: 18.3  Method: Integration