NOAA-Style Climate Reports


Report for 2015 March
                   Monthly Climatological Summary for Mar 2015

Name: StaffordWX   City: Stafford   State: Staffordshire
Elevation: 87 m  Lat: N 52° 47' 32"   Lon: W 002° 07' 13"

                  Temperature (°C), Rain (mm), Wind Speed (mph)

                                      Heat  Cool        Avg
    Mean                              Deg   Deg         Wind                 Dom
Day Temp  High   Time   Low    Time   Days  Days  Rain  Speed High   Time    Dir
----------------------------------------------------------------------------------
 1   5.3   9.5   00:00   1.3   23:06  13.0   0.0   5.1   3.8  24.4   10:07   WNW
 2   3.1   7.0   13:49  -1.0   03:23  15.2   0.0   0.3   3.0  22.1   11:54   WNW
 3   3.5   7.5   13:32   0.5   07:14  14.8   0.0   2.1   2.9  19.0   14:50   WNW
 4   4.5   9.4   13:08   1.0   02:58  13.8   0.0   0.0   2.8  20.6   11:12   WNW
 5   5.1   9.4   14:12  -0.5   04:31  13.2   0.0   0.0   1.8  14.5   13:03   WSW
 6   8.3  13.1   14:52   6.0   06:21  10.0   0.0   0.0   2.5  19.7   15:15   SSE
 7  10.1  15.3   13:36   6.5   23:50   8.2   0.0   0.0   3.5  22.1   14:48   SSE
 8   6.2  10.1   10:17  -1.1   23:51  12.1   0.0   3.0   1.7  12.1   06:43   SSE
 9   4.9  11.0   16:17  -2.4   04:04  13.4   0.0   0.3   2.8  19.7   14:04    SE
10   5.2  11.5   14:24  -0.8   23:44  13.1   0.0   0.3   1.1  15.9   14:34   WNW
11   6.6  10.9   13:12  -0.9   00:15  11.7   0.0   0.9   2.5  16.8   11:37    SE
12  10.1  13.7   11:42   7.8   23:45   8.2   0.0   0.3   3.3  19.7   15:23    SE
13   4.7   7.8   00:00   2.7   09:57  13.6   0.0   7.8   1.4  13.0   22:14    NW
14   4.0   6.7   10:50   1.0   20:46  14.3   0.0   0.0   1.5  12.1   03:36   ENE
15   5.4   9.1   13:25   3.4   19:47  12.9   0.0   0.0   2.4  13.0   15:08     E
16   5.4   8.2   12:22   4.0   01:35  12.9   0.0   2.4   1.8  13.0   11:21     E
17   4.9  10.2   13:21  -0.4   23:56  13.4   0.0   0.0   1.0   8.3   09:01     E
18   3.7  10.9   15:29  -2.4   04:48  14.6   0.0   0.0   0.8   9.8   18:22   WNW
19   3.6  10.6   13:13  -2.3   06:20  14.7   0.0   0.0   0.9   8.3   10:11     E
20   6.9  13.3   14:09   1.6   05:04  11.4   0.0   0.0   1.3  13.0   14:30   WNW
21   6.5  11.4   13:17   2.9   06:41  11.8   0.0   0.0   1.6  11.4   14:41   NNE
22   5.8   9.9   13:28   1.8   23:58  12.7   0.0   0.0   0.6   6.9   09:28     E
23   4.7  10.0   16:28  -0.5   04:28  13.6   0.0   0.0   1.1   6.9   12:28     W
24   3.2   9.0   11:58  -1.3   06:58  15.1   0.0   0.0   1.0   8.3   12:28   WNW
25   3.4  10.4   15:28  -2.2   02:58  14.9   0.0   0.3   0.9   6.9   23:58     S
26   6.1  10.2   15:28   1.7   05:28  12.2   0.0   6.9   4.1  18.3   12:58     N
27   6.6  12.2   14:28   2.2   04:58  11.7   0.0   0.0   1.8   9.2   00:28   WNW
28  10.4  14.8   15:58   6.3   00:28   7.9   0.0   0.6   3.8  14.5   10:58   SSE
29   8.6  12.1   12:58   6.1   22:58   9.7   0.0   6.9   4.4  14.5   11:58   WNW
30   7.0  10.7   13:22   4.0   05:28  11.1   0.0   7.5   3.3  25.9   23:49     W
31   7.8  10.9   00:31   4.7   23:03  10.5   0.0   2.1   7.0  28.9   00:29   WNW
----------------------------------------------------------------------------------
     5.9  15.3     7    -2.4     9   385.7   0.0  46.8   2.3  28.9    31       W

Max >=  27.0:  0
Max <=   0.0:  0
Min <=   0.0: 12
Min <= -18.0:  0
Max Rain: 7.8 on day 13
Days of Rain: 16 (>= 0.2 mm)  9 (>= 2.0 mm)  0 (>= 20.0 mm)
Heat Base: 18.3  Cool Base: 18.3  Method: Integration