NOAA-Style Climate Reports

Select a Year or Month report
2022: Jan Feb Mar Apr May Jun Jul Aug Sep Oct Nov Dec
2021: Jan Feb Mar Apr May Jun Jul Aug Sep Oct Nov Dec
2020: Jan Feb Mar Apr May Jun Jul Aug Sep Oct Nov Dec
2019: Jan Feb Mar Apr May Jun Jul Aug Sep Oct Nov Dec
2018: Jan Feb Mar Apr May Jun Jul Aug Sep Oct Nov Dec
2017: Jan Feb Mar Apr May Jun Jul Aug Sep Oct Nov Dec
2016: Jan Feb Mar Apr May Jun Jul Aug Sep Oct Nov Dec
2015: Jan Feb Mar Apr May Jun Jul Aug Sep Oct Nov Dec
2014: Jan Feb Mar Apr May Jun Jul Aug Sep Oct Nov Dec
2013: Jan Feb Mar Apr May Jun Jul Aug Sep Oct Nov Dec
2012: Jan Feb Mar Apr May Jun Jul Aug Sep Oct Nov Dec
2011: Jan Feb Mar Apr May Jun Jul Aug Sep Oct Nov Dec

Report for 2016 November
                   Monthly Climatological Summary for Nov 2016

Name: StaffordWX   City: Stafford   State: StaffordshIRE
Elevation: 0 ft  Lat: S 00° 00' 00"   Lon: W 000° 00' 00"

                  Temperature (°C), Rain (mm), Wind Speed (m/s)

                                      Heat  Cool        Avg
    Mean                              Deg   Deg         Wind                 Dom
Day Temp  High   Time   Low    Time   Days  Days  Rain  Speed High   Time    Dir
----------------------------------------------------------------------------------
 1   8.7  11.1   13:13   2.2   23:57   9.6   0.0   0.0   0.2   3.7   11:09   NNE
 2   3.7  10.2   12:47  -0.6   07:02  14.6   0.0   0.0   0.2   3.4   13:11    NW
 3   5.0   8.4   14:15   0.6   01:04  13.3   0.0   0.0   0.5   4.8   15:50    SE
 4   6.5  10.6   13:42   2.3   21:47  11.8   0.0   0.0   0.2   3.1   12:38     W
 5   4.7   7.9   11:46   1.6   23:47  13.6   0.0   0.0   0.9   6.1   15:11    NW
 6   3.5   7.2   14:17   1.0   06:13  14.9   0.0   0.0   0.8   8.2   11:03    NW
 7   2.7   7.1   12:26  -1.5   22:07  15.6   0.0   0.0   0.5   4.8   10:32    NW
 8   1.1   5.0   13:57  -4.2   06:12  17.2   0.0   0.0   0.3   4.4   21:52   ESE
 9   4.7   6.0   14:19   3.3   00:44  13.6   0.0   0.0   0.5   7.8   08:13   NNE
10   5.0   9.3   13:15   0.8   23:41  13.5   0.0   0.0   0.5   6.1   15:54   WNW
11   2.8   6.6   13:31  -1.9   06:55  15.5   0.0   0.0   0.5   5.1   23:17    SE
12   8.3  11.4   13:42   4.5   23:48  10.0   0.0   0.0   0.8   6.8   07:20    SE
13   6.7  10.6   13:43   2.3   03:08  11.6   0.0   0.0   0.1   2.7   11:50    NW
14  10.0  13.1   14:35   6.8   02:20   8.3   0.0   0.0   0.3   4.8   14:13   WNW
15  12.2  14.8   11:44  10.4   00:00   6.1   0.0   0.0   0.3   5.4   04:36   WNW
16   8.0  11.6   12:40   4.1   21:13  10.3   0.0   0.0   0.4   5.4   09:01    SW
17   5.2   8.4   13:37   2.7   23:57  13.1   0.0   0.0   1.1   9.5   14:39   SSE
18   2.6   6.3   14:28  -0.6   05:55  16.0   0.0   0.0   0.6   6.5   14:14    SE
19   2.9   6.3   12:26   0.1   07:22  15.4   0.0   0.3   0.5   5.4   11:16    SE
20   2.9   5.2   13:49  -0.9   22:15  15.4   0.0   6.6   0.6   7.1   06:33     N
21   5.1   7.8   20:37   1.7   00:00  13.2   0.0  20.1   1.1  10.9   13:33     E
22   5.9   7.3   00:00   4.7   09:06  12.4   0.0   4.8   0.3   3.4   13:05   WNW
23   6.4   8.2   11:56   5.1   00:00  11.9   0.0   1.5   0.5   7.1   22:51   ENE
24   6.4   7.7   11:18   5.7   08:56  11.9   0.0   0.0   1.1   8.5   11:27   ENE
25   5.3   8.8   12:57   2.2   19:31  13.0   0.0   0.0   0.5   5.4   00:37   ENE
26   3.4   6.3   12:57  -0.8   18:57  14.9   0.0   0.0   0.0   3.4   10:56    NE
27   5.1   7.8   11:48   2.1   18:48  13.2   0.0   0.0   0.2   4.4   10:45   ENE
28   3.5   7.2   12:32  -2.9   23:39  14.8   0.0   0.0   0.4   4.4   11:12     E
29  -2.4   2.0   13:02  -5.1   07:26  20.7   0.0   0.0   0.0   2.4   12:09     S
30  -0.9   5.0   15:39  -5.3   04:57  19.2   0.0   0.0   0.1   3.4   14:57   WNW
----------------------------------------------------------------------------------
     4.8  14.8    15    -5.3    30   404.6   0.0  33.3   0.5  10.9    21     ENE

Max >=  27.0:  0
Max <=   0.0:  0
Min <=   0.0: 10
Min <= -18.0:  0
Max Rain: 20.1 on day 21
Days of Rain: 5 (>= 0.2 mm)  3 (>= 2.0 mm)  1 (>= 20.0 mm)
Heat Base: 18.3  Cool Base: 18.3  Method: Integration