NOAA-Style Climate Reports


Report for 2017 February
                   Monthly Climatological Summary for Feb 2017

Name: StaffordWX   City: Stafford   State: StaffordshIRE
Elevation: 0 ft  Lat: S 00° 00' 00"   Lon: W 000° 00' 00"

                  Temperature (°C), Rain (mm), Wind Speed (m/s)

                                      Heat  Cool        Avg
    Mean                              Deg   Deg         Wind                 Dom
Day Temp  High   Time   Low    Time   Days  Days  Rain  Speed High   Time    Dir
----------------------------------------------------------------------------------
 1   8.9  10.3   13:22   7.6   06:35   9.4   0.0   5.4   0.9   8.2   19:00   ESE
 2  10.6  11.7   13:18   9.6   00:00   7.7   0.0   1.2   2.7  22.4   03:18   ESE
 3   7.2   9.9   11:10   3.1   23:59  11.1   0.0   3.6   1.8  10.2   16:39   ESE
 4   3.3   7.1   14:02   1.0   19:14  15.0   0.0   1.2   0.5   7.5   22:07    SE
 5   1.9   5.2   15:13  -1.7   23:53  16.4   0.0   0.3   0.1   2.7   01:09   WNW
 6   1.2   5.7   14:40  -3.2   05:54  17.1   0.0   3.6   1.0   6.5   19:14   ESE
 7   5.8   9.3   13:19   1.8   23:58  12.5   0.0   0.9   0.5   4.1   00:42   SSE
 8   3.2   4.9   12:05   1.2   23:47  15.0   0.0   1.2   0.3   3.4   10:50   ENE
 9   1.5   2.5   13:02   0.7   23:04  16.8   0.0   0.0   0.8   5.4   18:35   ENE
10   1.7   4.4   13:09   0.6   00:37  16.6   0.0   0.0   0.5   5.1   22:52     N
11   1.7   2.9   22:29   0.6   08:29  16.7   0.0   3.9   0.6   6.5   05:01    NW
12   2.7   3.4   11:37   2.1   14:28  15.6   0.0   0.6   1.8   9.5   20:36   ENE
13   4.8   8.4   13:28   2.8   23:33  13.5   0.0   0.0   2.9  11.2   05:30   ENE
14   4.9   7.4   23:13   1.5   07:35  13.4   0.0   0.0   1.1   7.1   04:17     E
15   8.2  11.0   12:51   5.2   23:56  10.1   0.0   3.3   0.5   4.4   09:46   ESE
16   7.2  10.8   12:43   3.6   07:05  11.1   0.0   0.3   0.7   6.5   14:23     W
17   8.4  12.1   13:15   6.2   18:26   9.9   0.0   0.0   0.4   3.7   15:51   ESE
18   7.7  10.7   14:40   6.1   06:51  10.6   0.0   0.3   0.8   7.1   15:56    SE
19   9.9  12.9   13:45   6.8   05:18   8.4   0.0   0.0   0.6   4.8   12:12   WNW
20  12.0  15.1   13:28  10.5   22:16   6.3   0.0   0.3   0.9   6.1   15:08   WNW
21  11.0  12.7   16:09   8.9   09:00   7.3   0.0   0.3   0.7   7.5   23:06   WNW
22  10.0  11.8   00:00   8.2   09:44   8.3   0.0   9.9   0.9   6.8   01:18   WNW
23   7.1   9.8   00:37   3.1   23:56  11.2   0.0   6.0   2.5  14.6   12:49     W
24   5.1   9.4   14:58   1.9   06:39  13.2   0.0   1.5   0.8   6.5   04:13     W
25   8.2  10.6   12:59   5.6   01:25  10.1   0.0   9.0   1.5   9.9   12:38    SE
26   8.8  10.6   12:11   6.0   23:37   9.5   0.0   0.6   1.4  14.6   16:01    SE
27   4.4   7.1   12:52  -0.2   23:44  13.9   0.0  10.2   0.7   6.8   00:41    SE
28   3.6   5.8   14:37   0.2   00:00  14.7   0.0   8.7   0.7   7.1   21:01     W
----------------------------------------------------------------------------------
     6.1  15.1    20    -3.2     6   341.4   0.0  72.3   1.0  22.4     2     ESE

Max >=  27.0:  0
Max <=   0.0:  0
Min <=   0.0:  3
Min <= -18.0:  0
Max Rain: 10.2 on day 27
Days of Rain: 22 (>= 0.2 mm)  10 (>= 2.0 mm)  0 (>= 20.0 mm)
Heat Base: 18.3  Cool Base: 18.3  Method: Integration