NOAA-Style Climate Reports


Report for 2017 November
                   Monthly Climatological Summary for Nov 2017

Name: StaffordWX   City: Stafford   State: StaffordshIRE
Elevation: 0 ft  Lat: S 00° 00' 00"   Lon: W 000° 00' 00"

                  Temperature (°C), Rain (mm), Wind Speed (m/s)

                                      Heat  Cool        Avg
    Mean                              Deg   Deg         Wind                 Dom
Day Temp  High   Time   Low    Time   Days  Days  Rain  Speed High   Time    Dir
----------------------------------------------------------------------------------
 1   8.1   8.1   00:00   8.1   00:00  10.2   0.0   0.0   0.0   0.3   00:00   ---
 2   9.7  13.5   08:19   8.1   00:00   8.6   0.0   0.0   0.0   1.7   08:19    SW
 3  10.2  12.8   14:07   8.5   03:29   8.1   0.0   0.0   0.4   4.4   18:49   SSE
 4   8.3  10.4   05:15   4.0   20:21  10.0   0.0   0.0   0.3   4.8   13:17   WNW
 5   4.6   8.7   12:44   0.4   23:18  13.6   0.0   0.0   0.2   4.1   12:19   WNW
 6   5.4  13.5   10:49  -0.3   04:20  13.0   0.0   0.0   0.6   5.8   19:19    SE
 7   8.5  11.7   08:56   2.8   23:57   9.8   0.0   6.6   1.0   7.1   09:17    SE
 8   3.3   8.0   13:48  -0.9   07:03  15.0   0.0   0.0   0.1   2.4   10:51   WNW
 9   8.5  13.0   10:42   5.4   00:00   9.8   0.0   0.0   0.4   4.8   11:36   WNW
10   8.1  10.7   05:43   5.9   20:10  10.2   0.0   1.8   0.8   6.8   06:14     W
11   6.9   9.0   11:19   5.3   22:19  11.4   0.0   3.0   0.1   2.0   12:49   NNW
12   4.9   6.9   12:21   2.4   23:54  13.4   0.0   3.0   0.6   7.1   12:44    NW
13   3.4   6.8   22:48  -2.0   06:21  14.9   0.0   0.0   0.2   4.4   20:39   SSW
14   9.9  13.1   12:16   6.7   00:05   8.4   0.0   0.0   0.4   4.8   01:09   SSE
15   9.2  11.4   13:09   6.4   02:03   9.2   0.0   0.6   0.1   2.7   22:47    SE
16   6.9  10.7   10:23  -0.4   23:45  11.4   0.0   0.9   0.3   4.8   11:20   WSW
17   3.4   8.4   13:17  -1.5   05:13  14.9   0.0   0.0   0.2   3.1   12:30   WNW
18   6.5   9.5   14:08   3.5   06:50  12.0   0.0   0.0   0.2   2.7   00:05     W
19   4.6   8.5   14:50  -0.4   07:50  13.7   0.0   0.0   0.1   2.0   19:50   WSW
20  10.1  13.6   13:50   6.4   00:20   8.2   0.0   2.1   0.5   3.1   05:50   ENE
21  12.4  13.0   06:20  11.1   16:20   5.9   0.0   0.9   1.0   5.8   20:50   SSE
22  13.4  15.0   13:20  12.3   07:20   4.9   0.0   3.0   2.2   8.8   13:20   SSE
23   7.3  12.6   00:20   3.3   21:51  10.9   0.0   5.1   0.8   7.1   11:50    NW
24   3.7   6.8   13:23   0.2   08:20  14.9   0.0   0.0   0.2   2.7   11:53   WNW
25   2.4   4.5   13:43   0.1   04:35  15.9   0.0   6.3   0.6   5.8   10:43   WNW
26   4.2   7.1   13:44   1.7   06:56  14.1   0.0   3.6   0.8   5.1   00:51     W
27   6.6   9.5   03:44   2.9   23:02  11.7   0.0   3.3   0.9   7.5   13:09   WNW
28   3.2   5.5   12:07   1.1   22:47  15.1   0.0   0.3   0.5   4.8   17:52   WNW
29   2.3   5.4   12:47  -1.9   23:55  16.0   0.0   0.0   0.7   6.8   10:41    NW
30  -0.3   3.0   13:19  -4.5   07:38  18.6   0.0   0.0   0.7   6.1   12:19    NW
----------------------------------------------------------------------------------
     6.5  15.0    22    -4.5    30   353.8   0.0  40.5   0.5   8.8    22     WSW

Max >=  27.0:  0
Max <=   0.0:  0
Min <=   0.0:  8
Min <= -18.0:  0
Max Rain: 6.6 on day 7
Days of Rain: 14 (>= 0.2 mm)  9 (>= 2.0 mm)  0 (>= 20.0 mm)
Heat Base: 18.3  Cool Base: 18.3  Method: Integration