NOAA-Style Climate Reports


Report for 2018 April
                   Monthly Climatological Summary for Apr 2018

Name: StaffordWX   City: Stafford   State: StaffordshIRE
Elevation: 0 ft  Lat: S 00° 00' 00"   Lon: W 000° 00' 00"

                  Temperature (°C), Rain (mm), Wind Speed (m/s)

                                      Heat  Cool        Avg
    Mean                              Deg   Deg         Wind                 Dom
Day Temp  High   Time   Low    Time   Days  Days  Rain  Speed High   Time    Dir
----------------------------------------------------------------------------------
 1   4.5   8.4   15:17   0.0   07:05  13.8   0.0   0.6   0.9   6.1   17:29   ENE
 2   5.2  10.1   17:02   0.7   04:40  13.1   0.0  14.7   1.3   7.1   06:15   ESE
 3   9.1  13.6   11:47   5.4   23:07   9.2   0.0   3.6   1.0   8.5   11:55   SSE
 4   7.5  11.2   14:59   3.3   23:56  10.8   0.0   4.8   1.1   6.8   21:03   SSE
 5   7.3  11.6   14:57   0.1   06:59  11.1   0.0 252.9  42.0   7.5   03:13    SE
 6  10.3  16.2   15:43   4.1   05:56   8.0   0.0   0.3   2.0   8.8   13:12    SE
 7   9.2  13.4   16:00   6.0   05:23   9.1   0.0   4.8   0.3   3.7   11:23    NW
 8   9.3  13.7   15:52   5.2   06:05   9.0   0.0   0.0   0.2   2.7   13:26    NE
 9   7.1  12.2   13:12   2.2   04:42  11.2   0.0   4.8   0.7   5.1   20:49     E
10   7.3   8.2   17:41   6.4   03:54  11.0   0.0   6.3   1.0   5.8   00:44     E
11   7.1   8.6   04:22   5.6   23:49  11.2   0.0   0.3   0.7   5.8   14:29     E
12   6.2   7.5   13:06   5.3   02:54  12.1   0.0   0.3   0.6   4.4   00:27     E
13   7.5   9.8   15:24   5.5   02:09  10.8   0.0   4.2   0.3   3.1   14:54   SSW
14  11.6  17.3   14:41   6.6   05:53   6.7   0.0   0.0   0.5   3.7   13:10    SE
15  10.3  14.7   14:44   7.4   04:03   8.0   0.0   2.4   1.1   7.1   14:26    SE
16  11.1  14.8   16:49   7.1   06:05   7.2   0.0   0.3   1.5   7.5   11:12   SSE
17  12.1  13.6   18:26  10.5   03:38   6.2   0.0   0.0   2.2  11.6   10:49    SE
18  16.8  22.6   16:04  12.7   00:53   2.4   0.9   0.0   1.7   8.5   04:22    SE
19  17.8  25.5   16:15   8.8   06:30   3.0   2.5   0.0   0.4   3.7   12:49   WSW
20  13.7  19.7   15:54   8.7   23:54   4.7   0.2   0.0   0.7   4.4   10:45   WNW
21  14.8  22.3   14:26   4.9   06:08   4.4   0.9   0.0   0.9   6.1   22:14    SE
22  14.5  18.5   15:09   8.9   23:59   3.8   0.0   0.0   0.9   5.8   18:27    SW
23  11.5  15.3   16:02   8.2   06:37   6.8   0.0   0.0   1.0   7.8   17:45   WSW
24  10.1  12.7   10:21   6.8   23:59   8.2   0.0   8.4   0.9   6.1   18:07     S
25   9.7  14.3   14:33   5.6   05:28   8.6   0.0   0.3   1.0   7.1   16:41   WNW
26   9.5  14.8   13:46   4.8   23:50   8.8   0.0   0.0   0.9   7.5   13:06   WNW
27   6.1   8.8   16:55   2.8   02:30  12.2   0.0   6.3   0.3   3.7   10:58    NE
28   7.6  11.1   15:13   5.4   23:50  10.7   0.0   0.3   0.3   4.1   11:46     N
29   6.8  11.1   15:51   2.2   02:18  11.5   0.0   0.0   0.5   5.4   12:43     N
30   7.1  13.6   16:36   2.3   05:27  11.2   0.0   0.0   0.9   7.1   18:24    NW
----------------------------------------------------------------------------------
     9.6  25.5    19     0.0     1   264.8   4.5 315.6   2.2  11.6    17      SE

Max >=  27.0:  0
Max <=   0.0:  0
Min <=   0.0:  1
Min <= -18.0:  0
Max Rain: 252.9 on day 5
Days of Rain: 18 (>= 0.2 mm)  11 (>= 2.0 mm)  1 (>= 20.0 mm)
Heat Base: 18.3  Cool Base: 18.3  Method: Integration