NOAA-Style Climate Reports


Report for 2018 May
                   Monthly Climatological Summary for May 2018

Name: StaffordWX   City: Stafford   State: StaffordshIRE
Elevation: 0 ft  Lat: S 00° 00' 00"   Lon: W 000° 00' 00"

                  Temperature (°C), Rain (mm), Wind Speed (m/s)

                                      Heat  Cool        Avg
    Mean                              Deg   Deg         Wind                 Dom
Day Temp  High   Time   Low    Time   Days  Days  Rain  Speed High   Time    Dir
----------------------------------------------------------------------------------
 1   8.4  15.5   13:09  -1.2   05:43   9.9   0.0   0.6   1.2   9.2   18:02   SSE
 2   9.3  13.6   16:14   6.2   23:46   9.0   0.0   9.0   1.6   9.9   05:30     S
 3  10.7  16.1   13:15   5.0   04:48   7.6   0.0   0.0   0.5   6.1   14:45   WSW
 4  13.3  17.9   16:20   9.3   00:00   4.9   0.0   0.0   0.5   3.7   17:48   SSE
 5  15.5  23.3   16:41   6.0   05:51   4.0   1.3   0.0   0.5   4.8   10:18    SE
 6  17.2  25.4   15:57   7.7   05:46   3.6   2.6   0.0   0.4   4.1   12:55    SE
 7  18.8  27.4   16:41   8.2   05:15   3.0   3.5   0.0   0.3   4.4   15:50    SE
 8  15.8  23.6   10:08  10.3   23:58   3.6   1.1   0.3   0.5   5.4   15:37     W
 9  12.3  19.2   10:36   5.5   05:32   6.1   0.0   0.9   0.5   4.8   12:04     S
10  11.6  17.4   15:02   6.1   06:00   6.7   0.0   0.9   0.6   5.8   16:35     W
11  11.3  16.8   14:51   4.9   04:06   7.0   0.0   0.0   1.3   8.8   12:03    SE
12  12.3  17.1   13:14   7.7   02:44   6.0   0.0   0.6   0.3   3.1   09:57     W
13  13.2  13.5   19:40  13.2   00:00   5.2   0.0   0.0   0.3   2.0   20:54   WNW
14  14.9  21.5   16:59  10.1   23:57   3.9   0.5 202.2   0.5   4.4   14:12   WNW
15  14.7  22.2   14:56   6.3   03:33   4.4   0.8   0.0   0.7   5.8   17:58    NW
16  12.4  17.0   16:24   6.3   23:58   6.0   0.0   0.3   0.7   5.8   08:15   NNW
17  11.1  18.2   15:35   2.0   05:33   7.2   0.0   0.0   0.4   4.1   14:34     E
18  12.4  20.3   16:27   2.9   05:13   6.1   0.2   0.0   0.2   3.4   11:01   WSW
19  15.2  24.5   10:06   4.6   05:18   4.9   1.8   0.0   0.3   4.1   15:07    SE
20  17.0  26.4   10:38   6.7   05:27   3.7   2.4   0.0   0.3   4.1   11:34    SE
21  16.8  25.6   16:32   8.4   05:30   3.4   1.9   0.0   0.5   4.4   19:42     N
22  16.3  22.8   16:14   9.9   03:00   3.3   1.3   0.0   0.6   4.8   12:05    NE
23  14.7  21.6   15:45   7.2   03:37   4.2   0.6   0.0   0.6   4.8   11:17     E
24  15.0  22.6   16:42   9.3   05:07   4.0   0.7   0.0   0.6   4.8   17:00   ESE
25  13.1  15.0   00:00  11.6   05:15   5.2   0.0  14.1   0.2   3.4   22:39   ENE
26  16.7  22.8   15:15  12.6   06:11   2.4   0.9   0.0   0.7   8.5   17:28     E
27  17.7  26.0   14:27  11.4   04:21   2.6   2.0  10.2   1.0   6.5   01:24   ESE
28  17.9  24.7   16:51  11.5   04:43   2.2   1.8   0.3   0.5   4.4   12:36   ESE
29  17.5  23.3   16:02  14.0   04:42   2.0   1.2   0.0   0.8   4.8   12:16     E
30  15.2  16.6   11:42  13.7   04:20   3.1   0.0   1.8   0.3   3.4   01:23     E
31  18.6  24.4   14:26  14.3   04:34   1.4   1.7   0.3   0.4   4.8   17:44   ESE
----------------------------------------------------------------------------------
    14.4  27.4     7    -1.2     1   146.6  26.3 241.5   0.6   9.9     2      SE

Max >=  27.0:  1
Max <=   0.0:  0
Min <=   0.0:  1
Min <= -18.0:  0
Max Rain: 202.2 on day 14
Days of Rain: 13 (>= 0.2 mm)  4 (>= 2.0 mm)  1 (>= 20.0 mm)
Heat Base: 18.3  Cool Base: 18.3  Method: Integration