NOAA-Style Climate Reports


Report for 2018 November
                   Monthly Climatological Summary for Nov 2018

Name: StaffordWX   City: Stafford   State: StaffordshIRE
Elevation: 0 ft  Lat: S 00° 00' 00"   Lon: W 000° 00' 00"

                  Temperature (°C), Rain (mm), Wind Speed (mph)

                                      Heat  Cool        Avg
    Mean                              Deg   Deg         Wind                 Dom
Day Temp  High   Time   Low    Time   Days  Days  Rain  Speed High   Time    Dir
----------------------------------------------------------------------------------
 1  14.0  18.1   23:46   9.2   04:16   4.3   0.0   3.0   5.6  22.1   17:16    SE
 2  18.6  21.4   20:16  17.2   03:16   0.4   0.7   5.1   6.1  24.4   22:16    SE
 3  12.9  19.9   00:16   9.0   23:46   5.5   0.1  11.7   2.0  12.1   01:46   SSE
 4   9.4  11.2   17:46   8.1   04:16   8.9   0.0   3.0   0.4   4.5   22:46   NNW
 5  12.0  15.5   20:16   9.9   02:16   6.3   0.0   0.3   1.1   6.0   17:16   ESE
 6  12.6  16.4   18:16   9.2   13:16   5.7   0.0   0.0   0.4   3.8   19:16   SSW
 7   8.2  13.5   19:16   4.2   09:46  10.1   0.0   0.0   0.2   3.1   19:16    SE
 8   7.4  14.7   20:46   2.1   08:46  10.9   0.0   0.0   0.2   4.5   19:16   NNW
 9   9.7  16.6   19:46   5.3   09:16   8.6   0.0   0.0   0.3   6.0   20:16   SSE
10  11.2  17.2   18:16   7.2   07:16   7.1   0.0   0.3   0.8  12.1   22:46     W
11   8.1  13.3   19:16   2.3   12:16  10.2   0.0   0.0   0.7   7.6   18:46   WNW
12   9.8  14.2   18:16   5.5   03:46   8.5   0.0   0.0   1.4   7.6   08:46     W
13  11.5  12.6   05:16   8.8   23:46   6.8   0.0   0.0   1.8   9.2   10:46   WNW
14   9.8  11.9   16:16   5.5   23:58   8.3   0.0   0.0   1.4  10.7   02:16     N
15   8.5  13.8   13:13   1.3   06:33   9.7   0.0   0.3   0.8  11.4   11:46    SE
16  11.7  12.8   12:24   9.1   23:23   6.6   0.0   0.9   1.6  11.4   22:18    SE
17   7.7   9.4   13:28   5.1   23:34  10.6   0.0   0.3   2.6  13.0   12:34     E
18   6.8  10.1   13:25   4.9   00:31  11.5   0.0   0.0   2.6  15.2   07:19     E
19   6.6   8.9   11:41   4.0   23:20  11.8   0.0   0.3   1.9  15.2   12:32     E
20   4.6   6.8   11:46   3.3   23:57  13.7   0.0   2.4   1.7  12.1   16:57   ENE
21   3.1   5.0   16:07   0.3   23:48  15.1   0.0   2.1   1.8  13.0   08:39   ESE
22   1.9   4.8   13:58  -2.3   08:05  16.4   0.0   0.3   0.3   6.9   17:55     E
23   5.1   6.8   23:39   3.3   07:25  13.2   0.0   0.0   1.4   9.2   18:06     E
24   7.1   9.3   12:55   3.7   23:38  11.2   0.0   0.0   2.3  16.8   10:27     E
25   5.4   7.5   13:49   2.6   18:17  12.9   0.0   0.0   0.5   9.2   09:52     E
26   4.4   7.8   12:06  -0.8   23:57  13.9   0.0   0.0   0.1   5.4   09:12   NNW
27   4.1   7.1   18:34  -1.0   00:23  14.4   0.0   3.6   2.9  19.7   15:28    SE
28  10.7  14.0   13:12   5.0   00:16   7.6   0.0   4.2   4.2  26.6   16:22    SE
29  10.1  13.3   10:46   7.4   23:31   8.2   0.0   3.0   4.4  25.1   07:56    SE
30   6.8   9.4   12:35   4.9   23:42  11.4   0.0   0.3   1.8  12.1   00:20   SSE
----------------------------------------------------------------------------------
     8.7  21.4     2    -2.3    22   289.8   0.8  41.1   1.8  26.6    28      SE

Max >=  27.0:  0
Max <=   0.0:  0
Min <=   0.0:  3
Min <= -18.0:  0
Max Rain: 11.7 on day 3
Days of Rain: 17 (>= 0.2 mm)  9 (>= 2.0 mm)  0 (>= 20.0 mm)
Heat Base: 18.3  Cool Base: 18.3  Method: Integration