NOAA-Style Climate Reports


Report for 2018 December
                   Monthly Climatological Summary for Dec 2018

Name: StaffordWX   City: Stafford   State: StaffordshIRE
Elevation: 0 ft  Lat: S 00° 00' 00"   Lon: W 000° 00' 00"

                  Temperature (°C), Rain (mm), Wind Speed (mph)

                                      Heat  Cool        Avg
    Mean                              Deg   Deg         Wind                 Dom
Day Temp  High   Time   Low    Time   Days  Days  Rain  Speed High   Time    Dir
----------------------------------------------------------------------------------
 1   9.1  12.1   14:57   5.0   00:00   9.2   0.0   0.9   2.3  14.5   12:41    SE
 2  11.5  13.1   12:29   9.5   00:00   7.0   0.0   1.2   2.2  15.2   13:40   SSE
 3   8.1  11.4   00:00   1.9   23:59  10.1   0.0   2.1   1.8  13.6   13:40     W
 4   3.2   5.6   12:56  -0.5   07:56  15.2   0.0   0.3   0.3   7.6   02:20    SE
 5   7.8  11.2   14:38   3.9   01:52  10.5   0.0   4.2   1.4  12.1   14:22   ESE
 6  10.8  12.1   15:47   8.8   00:44   7.5   0.0   0.6   1.8  18.3   12:37   SSE
 7   9.0  12.1   01:40   5.1   18:17   9.3   0.0   3.9   3.5  19.0   12:42     W
 8   8.6  11.7   14:28   7.5   00:39   9.7   0.0   5.1   3.7  17.4   04:06   WNW
 9   7.1   8.9   13:05   5.4   20:01  11.2   0.0   4.2   2.5  15.2   05:38   WNW
10   6.1   8.1   13:14   3.7   23:56  12.2   0.0   1.2   0.5   7.6   01:40   WNW
11   5.4   7.7   14:27   1.7   03:41  12.9   0.0   0.0   1.0   9.8   21:00   ESE
12   5.1   7.6   14:00   2.0   21:25  13.2   0.0   0.0   3.4  16.8   21:13   ESE
13   1.8   4.6   13:40  -0.3   22:22  16.5   0.0   0.0   3.0  17.4   12:38   ESE
14   0.9   3.4   14:10  -0.6   08:44  17.4   0.0   0.0   1.8  14.5   23:40   ESE
15   2.6   7.2   21:44   1.0   02:30  15.7   0.0   7.5   5.5  23.5   16:55   ESE
16   5.1   6.8   00:00   1.2   08:37  13.2   0.0   2.7   1.3  11.4   00:40    SE
17   5.9  10.1   23:37   2.1   06:24  12.4   0.0   0.0   1.7  15.2   23:21    SE
18   8.6  11.1   07:25   5.2   23:14   9.7   0.0   8.1   5.0  28.2   07:35    SE
19   6.1   7.7   14:25   5.2   08:43  12.2   0.0   0.6   2.4  14.5   18:12    SE
20   6.6   8.6   12:12   4.8   05:13  11.7   0.0   1.5   2.1  11.4   11:18   SSE
21   7.8  10.1   11:16   6.5   04:05  10.5   0.0  12.3   1.3  14.5   11:38    SW
22   7.2   9.9   13:21   4.4   18:10  11.1   0.0   0.3   1.1   9.8   10:23   WNW
23   5.8   7.0   12:29   2.3   23:38  12.5   0.0   6.6   0.7   7.6   07:58   ENE
24   2.5   5.3   13:35  -0.5   20:41  15.8   0.0   0.3   0.1   5.4   12:37     E
25   6.2   8.4   22:50   2.1   00:00  11.9   0.0   0.3   0.6   7.6   23:13    SE
26   8.4  10.6   13:25   6.6   19:49   9.9   0.0   0.0   0.8   9.8   00:23   SSE
27   7.7   8.7   14:01   7.0   05:13  10.6   0.0   0.0   0.1   3.8   10:21    SW
28   8.9  10.8   13:54   7.5   01:12   9.4   0.0   0.0   0.5   9.8   12:14     W
29   9.5  13.0   13:26   4.4   23:49   8.8   0.0   0.0   1.9  15.9   10:25     W
30   9.2  11.6   13:24   4.1   00:19   9.0   0.0   0.0   0.8   9.2   13:13   WNW
31   8.9   9.9   13:12   8.3   06:45   9.4   0.0   0.0   1.1  10.7   23:01   WNW
----------------------------------------------------------------------------------
     6.8  13.1     2    -0.6    14   355.7   0.0  63.9   1.8  28.2    18     SSE

Max >=  27.0:  0
Max <=   0.0:  0
Min <=   0.0:  4
Min <= -18.0:  0
Max Rain: 12.3 on day 21
Days of Rain: 20 (>= 0.2 mm)  10 (>= 2.0 mm)  0 (>= 20.0 mm)
Heat Base: 18.3  Cool Base: 18.3  Method: Integration