NOAA-Style Climate Reports

Select a Year or Month report
2022: Jan Feb Mar Apr May Jun Jul Aug Sep Oct Nov Dec
2021: Jan Feb Mar Apr May Jun Jul Aug Sep Oct Nov Dec
2020: Jan Feb Mar Apr May Jun Jul Aug Sep Oct Nov Dec
2019: Jan Feb Mar Apr May Jun Jul Aug Sep Oct Nov Dec
2018: Jan Feb Mar Apr May Jun Jul Aug Sep Oct Nov Dec
2017: Jan Feb Mar Apr May Jun Jul Aug Sep Oct Nov Dec
2016: Jan Feb Mar Apr May Jun Jul Aug Sep Oct Nov Dec
2015: Jan Feb Mar Apr May Jun Jul Aug Sep Oct Nov Dec
2014: Jan Feb Mar Apr May Jun Jul Aug Sep Oct Nov Dec
2013: Jan Feb Mar Apr May Jun Jul Aug Sep Oct Nov Dec
2012: Jan Feb Mar Apr May Jun Jul Aug Sep Oct Nov Dec
2011: Jan Feb Mar Apr May Jun Jul Aug Sep Oct Nov Dec

Report for 2019 January
                   Monthly Climatological Summary for Jan 2019

Name: StaffordWX   City: Stafford   State: StaffordshIRE
Elevation: 0 ft  Lat: S 00° 00' 00"   Lon: W 000° 00' 00"

                  Temperature (°C), Rain (mm), Wind Speed (mph)

                                      Heat  Cool        Avg
    Mean                              Deg   Deg         Wind                 Dom
Day Temp  High   Time   Low    Time   Days  Days  Rain  Speed High   Time    Dir
----------------------------------------------------------------------------------
 1   6.6   9.5   11:48  -0.1   23:57  11.6   0.0   0.3   1.1  11.4   09:22   WNW
 2   0.5   3.6   13:45  -3.1   07:36  17.8   0.0   0.0   0.1   3.8   20:16   ENE
 3   0.9   3.7   13:17  -3.1   22:21  17.4   0.0   0.0   0.1   6.0   11:24    SE
 4  -0.2   2.6   22:49  -4.2   05:53  18.5   0.0   0.3   0.2   4.5   11:59   SSE
 5   4.3   6.5   20:17   2.3   02:22  14.0   0.0   0.0   0.4   6.0   20:47   WNW
 6   7.2   9.1   11:25   5.0   01:58  11.1   0.0   0.0   0.4   5.4   23:04     W
 7   8.5  11.7   12:38   5.1   05:28   9.8   0.0   0.3   1.9  15.2   18:45   WNW
 8   5.9   8.1   00:00   0.7   23:59  12.4   0.0   0.0   2.0  15.9   13:44   WNW
 9   0.7   4.1   14:07  -1.5   08:40  17.6   0.0   0.3   0.3  11.4   12:42    NW
10   2.9   6.5   18:30  -2.0   01:11  15.4   0.0   0.0   0.3   6.0   16:43   WNW
11   6.0   7.5   20:54   3.3   06:39  12.3   0.0   0.0   0.6  48.8   17:31   WNW
12   9.1  11.0   21:16   7.4   00:00   9.2   0.0   0.3   2.8  15.2   14:26   WNW
13   9.7  12.2   13:24   8.0   22:50   8.6   0.0   0.0   3.6  26.6   13:24   WNW
14   6.8   8.4   11:50   4.0   22:32  11.5   0.0   0.0   1.9  14.5   00:00   WNW
15   7.5   9.7   13:36   3.6   01:52  10.7   0.0   0.0   1.4  11.4   09:42     S
16   5.7   8.7   10:02   2.0   17:26  12.6   0.0   4.2   1.7  13.6   00:50     S
17   1.0   4.0   13:23  -1.9   22:23  17.4   0.0   0.0   1.1   8.3   10:23     W
18   1.4   4.4   14:53  -1.7   00:23  16.9   0.0   2.7   2.5   9.8   13:23    SE
19   3.3   4.0   12:53   2.1   00:23  15.0   0.0   0.3   1.9   8.3   01:53   ESE
20   3.0   4.4   14:53   1.4   20:23  15.3   0.0   0.3   0.2   2.2   00:23     E
21   3.8   5.3   14:23   1.4   08:53  14.5   0.0   1.5   2.2  13.0   22:23    SE
22   1.5   4.1   11:53  -0.1   21:53  16.8   0.0   2.1   0.9   5.4   12:23     W
23  -0.3   0.7   00:23  -2.0   19:54  18.7   0.0   0.0   0.6   4.5   00:23   WNW
24   3.1   5.8   14:24  -0.3   00:24  15.1   0.0   0.3   0.2   3.1   21:18   WNW
25   8.1  10.7   13:10   5.0   00:00  10.2   0.0   0.9   1.7  97.3   23:59   WNW
26   7.6  10.0   13:09   5.3   03:07  11.0   0.0   6.3   1.9  97.3   00:00   SSE
27   4.7   6.6   13:19   2.3   23:56  13.6   0.0   2.4   4.9  25.1   15:51   WNW
28   1.5   4.5   13:39  -1.3   08:19  16.8   0.0   0.0   1.2  13.0   12:01   WNW
29   1.4   3.7   13:16  -0.9   01:04  16.9   0.0   5.4   1.8  15.2   21:35   SSE
30  -0.9   3.8   13:48  -3.6   23:56  19.2   0.0   0.3   0.4   6.0   00:04     W
31  -2.3   0.2   15:16  -5.6   04:55  20.6   0.0   0.0   1.4  14.5   20:34     E
----------------------------------------------------------------------------------
     3.8  12.2    13    -5.6    31   448.5   0.0  28.2   1.4  97.3    25       W

Max >=  27.0:  0
Max <=   0.0:  0
Min <=   0.0: 15
Min <= -18.0:  0
Max Rain: 6.3 on day 26
Days of Rain: 17 (>= 0.2 mm)  6 (>= 2.0 mm)  0 (>= 20.0 mm)
Heat Base: 18.3  Cool Base: 18.3  Method: Integration