NOAA-Style Climate Reports


Report for 2019 February
                   Monthly Climatological Summary for Feb 2019

Name: StaffordWX   City: Stafford   State: StaffordshIRE
Elevation: 0 ft  Lat: S 00° 00' 00"   Lon: W 000° 00' 00"

                  Temperature (°C), Rain (mm), Wind Speed (mph)

                                      Heat  Cool        Avg
    Mean                              Deg   Deg         Wind                 Dom
Day Temp  High   Time   Low    Time   Days  Days  Rain  Speed High   Time    Dir
----------------------------------------------------------------------------------
 1   0.9   3.1   12:33  -1.5   23:56  17.4   0.0   0.0   1.5  13.0   11:15   NNW
 2  -0.6   4.0   14:07  -3.6   23:47  18.9   0.0   9.0   1.1  10.7   11:51   WNW
 3   0.7   6.1   14:31  -5.9   05:35  17.6   0.0   0.3   1.7  15.2   20:43    SE
 4   5.6   9.4   11:16  -1.0   23:52  12.7   0.0   1.8   2.3  22.1   03:38   SSE
 5   3.4   8.4   23:14  -2.8   04:56  14.9   0.0   1.8   1.8  16.8   19:44    SE
 6   6.2   8.4   00:00   2.2   08:02  12.1   0.0   1.2   1.5  13.0   11:15    SE
 7   5.9   8.6   13:08   3.9   05:41  12.4   0.0   2.7   3.3  22.1   07:17     W
 8   8.0  10.3   11:05   5.7   23:44  10.3   0.0   5.1   4.6  26.6   10:57    SE
 9   7.1   9.8   13:48   5.3   20:40  11.2   0.0   0.6   3.9  27.3   05:56   WNW
10   4.6   6.9   15:02   0.9   23:44  13.7   0.0   7.8   1.5  16.8   13:00   WNW
11   4.4   9.4   13:52   0.0   23:43  13.9   0.0   0.0   0.6   7.6   01:55   WNW
12   5.8  11.1   14:03  -0.3   05:30  12.4   0.0   0.3   1.3  12.1   12:08    SE
13   8.0  11.0   14:20   3.6   22:20  10.3   0.0   0.0   1.5  15.2   15:11    SE
14   4.8  11.5   14:09  -0.1   23:57  13.5   0.0   0.0   0.7   9.2   14:44   ESE
15   5.3  12.5   15:46  -1.8   05:44  13.0   0.0   0.3   1.3  14.5   14:37    SE
16  10.3  14.1   13:16   6.0   06:40   8.0   0.0   0.0   2.5  15.2   11:48    SE
17   9.6  12.6   14:53   6.5   06:52   8.7   0.0   0.0   3.1  19.7   10:36    SE
18   8.0  10.9   12:25   5.8   22:16  10.3   0.0   0.0   2.5  19.7   11:11    SE
19   7.5  10.2   13:29   4.4   07:09  10.8   0.0   0.3   1.8  16.8   15:36   SSE
20   8.9  11.4   11:35   6.7   00:04   9.3   0.0   0.3   2.6  15.2   16:32    SE
21  11.0  15.8   13:03   6.5   23:54   7.2   0.0   0.3   1.4  11.4   11:17   SSE
22   8.3  15.4   13:22   2.2   07:10  10.0   0.0   0.0   1.4  12.1   15:38   ESE
23   8.8  15.8   13:52   2.6   06:34   9.5   0.0   0.0   1.1   9.8   13:52   ESE
24   7.1  12.8   15:34   3.3   06:10  11.2   0.0   0.3   0.4   7.6   13:12     E
25   6.2  16.7   14:09  -0.3   07:08  12.1   0.0   0.0   0.5   9.2   13:33   ESE
26   7.1  17.6   13:52  -0.8   06:09  11.2   0.0   0.0   0.5   9.8   15:19   ESE
27   6.6  15.1   14:17  -0.2   06:33  11.7   0.0   0.0   0.3   6.0   15:22    SW
28   6.8  11.0   14:00   1.2   02:46  11.5   0.0   4.8   0.3   7.6   09:10   WNW
----------------------------------------------------------------------------------
     6.3  17.6    26    -5.9     3   335.8   0.0  36.9   1.7  27.3     9     SSE

Max >=  27.0:  0
Max <=   0.0:  0
Min <=   0.0: 12
Min <= -18.0:  0
Max Rain: 9.0 on day 2
Days of Rain: 16 (>= 0.2 mm)  5 (>= 2.0 mm)  0 (>= 20.0 mm)
Heat Base: 18.3  Cool Base: 18.3  Method: Integration