NOAA-Style Climate Reports


Report for 2019 December
                   Monthly Climatological Summary for Dec 2019

Name: StaffordWX   City: Stafford   State: StaffordshIRE
Elevation: 0 ft  Lat: S 00° 00' 00"   Lon: W 000° 00' 00"

                  Temperature (°C), Rain (mm), Wind Speed (mph)

                                      Heat  Cool        Avg
    Mean                              Deg   Deg         Wind                 Dom
Day Temp  High   Time   Low    Time   Days  Days  Rain  Speed High   Time    Dir
----------------------------------------------------------------------------------
 1   0.9   4.6   13:07  -3.0   23:57  17.4   0.0   0.0   0.3   5.4   13:03   WNW
 2   1.2   4.9   13:38  -3.5   02:45  17.1   0.0   0.0   0.2   5.4   11:03     W
 3   4.0   7.1   13:32   1.7   08:21  14.3   0.0   0.0   0.3   7.6   11:21    SE
 4   3.0   6.5   13:32   0.0   06:05  15.3   0.0   0.0   1.2  10.7   14:11    SE
 5   6.1  11.4   22:21   1.4   05:29  12.2   0.0   0.3   2.3  19.7   23:40    SE
 6   9.9  11.4   00:00   7.8   22:34   8.4   0.0   3.9   2.4  19.0   12:48   WSW
 7   9.0  10.3   13:15   8.0   02:47   9.3   0.0   0.9   2.1  31.1   23:45   SSE
 8   7.6  10.4   03:06   5.6   17:46  10.7   0.0   3.0   3.6  32.0   10:12     W
 9   5.5   7.9   11:05   1.2   22:27  13.1   0.0   1.5   2.6  21.3   05:08   WNW
10   7.0  11.5   16:39   1.6   00:00  11.6   0.0   6.0   3.8  23.5   16:10    SE
11   3.0   5.5   12:41   0.9   22:40  16.1   0.0   2.4   1.5  10.7   11:10    SE
12   4.4   7.4   16:10   0.0   14:14  14.1   0.0   7.5   2.3  57.3   14:14   ESE
13   5.5   7.4   12:41   3.9   23:41  13.1   0.0   2.7   2.7  13.0   13:41   WNW
14   4.4   5.9   14:41   3.1   20:11  14.1   0.0   2.1   2.7  11.4   12:11   WNW
15   3.9   6.1   11:59   2.2   08:11  15.3   0.0   5.7   2.6  13.6   18:41   SSE
16   3.2   5.4   13:34   0.1   23:41  15.3   0.0   0.0   1.0  11.4   05:41    SE
17   0.5   2.4   14:03  -0.5   07:11  18.1   0.0   0.0   0.4   6.0   19:54   ESE
18   4.7  10.0   23:41   0.6   00:12  13.8   0.0   3.3   4.0  25.9   20:09   ESE
19  10.0  11.1   12:25   8.4   18:17   8.4   0.0   6.9   4.4  19.7   17:32    SE
20   6.5   9.0   00:00   3.2   21:41  12.0   0.0   7.2   1.2  11.4   00:07   ESE
21   6.0   7.2   13:06   3.5   00:00  12.3   0.0   2.1   1.3  10.7   11:12   ESE
22   6.1   7.1   13:52   4.3   22:58  12.2   0.0   2.7   0.8   8.3   22:23     W
23   6.3   8.7   13:20   3.3   18:45  12.0   0.0   0.3   1.7  13.6   10:48   WNW
24   7.1   8.9   14:41   5.5   02:21  11.2   0.0   4.8   1.4  13.6   19:26     W
25   5.6   6.9   12:36   2.2   07:51  12.7   0.0   0.0   0.8   8.3   04:57    SW
26   6.3   9.7   11:21   4.8   22:04  12.1   0.0   2.4   0.5   6.0   11:56    SE
27   5.4   8.3   23:43   1.1   06:43  12.9   0.0   0.0   1.1   8.3   16:09   ESE
28   8.5   9.1   19:32   7.5   08:24   9.8   0.0   0.3   2.7  15.2   16:58    SE
29   7.4   8.7   14:24   4.9   22:09  10.9   0.0   0.0   2.5  16.8   00:34    SE
30   5.9   8.2   13:49   3.3   08:04  12.4   0.0   0.0   1.0  13.0   01:00    SE
31   7.0   8.2   12:50   6.2   09:17  11.3   0.0   0.0   1.5  12.1   13:13     E
----------------------------------------------------------------------------------
     5.5  11.5    10    -3.5     2   399.5   0.0  66.0   1.7  57.3    12     SSE

Max >=  27.0:  0
Max <=   0.0:  0
Min <=   0.0:  5
Min <= -18.0:  0
Max Rain: 7.5 on day 12
Days of Rain: 20 (>= 0.2 mm)  15 (>= 2.0 mm)  0 (>= 20.0 mm)
Heat Base: 18.3  Cool Base: 18.3  Method: Integration