NOAA-Style Climate Reports

Select a Year or Month report
2022: Jan Feb Mar Apr May Jun Jul Aug Sep Oct Nov Dec
2021: Jan Feb Mar Apr May Jun Jul Aug Sep Oct Nov Dec
2020: Jan Feb Mar Apr May Jun Jul Aug Sep Oct Nov Dec
2019: Jan Feb Mar Apr May Jun Jul Aug Sep Oct Nov Dec
2018: Jan Feb Mar Apr May Jun Jul Aug Sep Oct Nov Dec
2017: Jan Feb Mar Apr May Jun Jul Aug Sep Oct Nov Dec
2016: Jan Feb Mar Apr May Jun Jul Aug Sep Oct Nov Dec
2015: Jan Feb Mar Apr May Jun Jul Aug Sep Oct Nov Dec
2014: Jan Feb Mar Apr May Jun Jul Aug Sep Oct Nov Dec
2013: Jan Feb Mar Apr May Jun Jul Aug Sep Oct Nov Dec
2012: Jan Feb Mar Apr May Jun Jul Aug Sep Oct Nov Dec
2011: Jan Feb Mar Apr May Jun Jul Aug Sep Oct Nov Dec

Report for 2020 May
                   Monthly Climatological Summary for May 2020

Name: StaffordWX   City: Stafford   State: StaffordshIre
Elevation: 289 ft  Lat: N 52 47 31   Lon: E 002 07 15

                  Temperature (°C), Rain (mm), Wind Speed (mph)

                                      Heat  Cool        Avg
    Mean                              Deg   Deg         Wind                 Dom
Day Temp  High   Time   Low    Time   Days  Days  Rain  Speed High   Time    Dir
----------------------------------------------------------------------------------
01   9.0  17.1   09:31   4.6   03:35   9.3   0.0   2.1   0.9   9.8   09:52   WSW
02  10.4  19.9   09:45   4.2   06:15   7.9   0.0   0.0   1.1  10.7   14:42     W
03  10.0  17.3   14:13   4.4   00:57   8.3   0.0   0.3   0.3   6.9   13:52     E
04  11.4  17.9   14:37   6.1   03:11   6.9   0.0   0.0   1.5  15.2   18:27     E
05  11.0  16.7   15:15   5.3   05:57   7.3   0.0   0.0   3.0  16.8   08:25     E
06  10.9  18.8   16:09   1.0   05:30   7.4   0.0   0.0   1.4  14.5   14:38     E
07  13.8  22.1   16:41   4.2   05:11   5.2   0.7   0.0   0.7   9.8   12:55   ESE
08  16.3  23.9   15:57   8.5   05:27   3.4   1.5   0.0   0.5   7.6   13:49   WNW
09  17.6  27.3   10:45   7.8   05:27   3.4   2.7   0.0   1.0   9.2   18:51     E
10  10.3  15.0   00:00   3.7   23:31   8.0   0.0   0.0   1.8  19.0   12:20     E
11   7.0  13.5   09:26   1.5   23:55  11.3   0.0   0.3   1.8  15.9   13:30    NW
12   8.0  18.9   09:40  -1.4   05:21  10.3   0.0   0.0   1.2  15.2   19:40   WNW
13   8.5  14.7   10:18   2.8   23:59   9.8   0.0   0.0   1.2  13.6   15:46     E
14   8.7  19.1   09:38  -1.5   05:30   9.6   0.0   0.0   1.0  10.7   18:24    NW
15   9.3  17.2   14:54   3.1   04:22   9.0   0.0   0.0   1.1  15.2   17:15   WNW
16  11.9  19.1   09:27   3.7   01:50   6.4   0.0   0.0   1.0   9.8   12:33   WNW
17  14.0  21.1   16:46   6.6   01:50   4.7   0.4   0.0   1.2  12.1   14:58   WSW
18  14.8  21.2   13:06   8.6   05:48   3.9   0.4   1.2   1.1  11.4   09:38     W
19  17.5  25.0   15:52  11.8   05:10   2.6   1.8   0.6   1.1  11.4   15:10     W
20  18.4  27.3   10:44   8.3   05:11   3.2   3.3   0.0   1.1  13.0   13:06   ESE
21  18.0  24.7   14:55   9.5   03:01   2.5   2.2   0.0   1.1   9.2   16:34   ESE
22  16.3  20.1   14:16  11.2   23:54   2.2   0.2   0.6   4.2  26.6   13:50   ESE
23  13.5  18.0   13:03   9.6   05:46   4.8   0.0   0.0   3.3  19.7   12:38   WNW
24  16.0  21.7   17:26  11.3   23:59   2.9   0.5   0.0   2.1  13.6   08:42     W
25  16.0  24.8   15:14   5.1   05:05   4.3   2.0   0.0   1.2  11.4   15:37    SE
26  17.2  25.1   10:54  10.5   02:01   2.7   1.5   0.0   0.8   9.2   13:11   WNW
27  17.7  25.7   16:35   8.1   04:32   3.2   2.6   0.0   1.0  10.7   13:46    NW
28  18.3  25.5   10:22  10.3   05:15   2.6   2.6   0.0   1.6   9.2   12:16   ESE
29  18.6  25.8   10:48   9.2   05:16   2.5   2.8   0.0   2.2  12.1   14:28     E
30  17.7  25.5   15:54   7.8   05:27   3.1   2.5   0.0   2.1  18.3   13:56     E
31  18.4  26.7   15:20   9.6   05:11   2.7   2.7   0.0   2.1  15.2   14:17     E
----------------------------------------------------------------------------------
    13.8  27.3     9    -1.5    14   171.4  30.4   5.1   1.5  26.6    22       E

Max >=  27.0  2
Max <=   0.0  0
Min <=   0.0  2
Min <= -18.0  0
Max Rain: 2.1 on day 1
Days of Rain: 6 (>= 0.2 mm)  1 (>= 2.0 mm)  0 (>= 20.0 mm)
Heat Base: 18.3  Cool Base: 18.3  Method: Integration