NOAA-Style Climate Reports


Report for 2021
                   Annual Climatological Summary for 2021

Name: StaffordWX   City: Stafford   State: StaffordshIre
Elevation: 289 ft  Lat: N 52° 47' 30"   Lon: E 002° 07' 14"

                  Temperature (°C), Heat Base: 18.3  Cool Base: 18.3
                          Dep.  Heat  Cool                       Max  Max  Min  Min
        Mean  Mean        From  Deg   Deg                        >=   <=   <=   <=
 YR MO  Max   Min   Mean  Norm  Days  Days  Hi  Date  Low  Date 27.0  0.0  0.0 -18.0
------------------------------------------------------------------------------------
 21  1   5.9  -0.5   2.8   0.0   450     0  23.1  25  -4.9   25    0    4   29    0
 21  2   8.4   1.4   5.1   0.0   370     0  15.5  24  -6.3   21    0    0   10    0
 21  3  11.3   3.0   7.2   0.0   344     1  22.2  31  -3.3    7    0    0    5    0
 21  4  13.9   0.9   7.4   0.0   327     0  19.4  19  -2.5   13    0    0   13    0
 21  5  16.2   5.5  10.3   0.0   251     3  23.2  31  -0.8    2    0    0    2    0
 21  6  22.9  10.5  16.6   0.0    86    36  27.1  16   0.0   12    2    0    1    0
 21  7  25.2  13.6  18.1   0.0    64    58  34.2  22  10.4    9    8    0    0    0
 21  8  21.5  11.9  16.5   0.0    75    19  26.1   4   6.1    2    0    0    0    0
 21  9  21.2  11.3  15.8   0.0    97    23  29.1   7   5.7   29    3    0    0    0
 21 10  16.3   8.2  11.8   0.0   110     0  20.7   7   2.8   16    0    0    0    0
 21 11
 21 12
------------------------------------------------------------------------------------
        16.1   6.4  11.0   0.0  2173   140  34.2 Jul  -6.3  Feb   13    4   60    0

                                Precipitation (mm)

              Dep.   Max        Days of Rain
              From   Obs.           >=
 YR MO Total  Norm   Day Date  0.2  2.0 20.0
---------------------------------------------
 21  14248.4   0.01680.9  23    15    7    4
 21  2   9.6   0.0   6.0  21     3    2    0
 21  3   0.0   0.0   0.0   0     0    0    0
 21  4   4.8   0.0   4.0  27     2    1    0
 21  51251.0   0.01251.0  30     1    1    1
 21  6   8.7   0.0   8.7  30     1    1    0
 21  7  54.3   0.0  13.8   2    14    7    0
 21  8  48.2   0.0  18.0  22     8    6    0
 21  9  29.1   0.0  11.2  27     4    4    0
 21 10  65.1   0.0  16.6   1     8    7    0
---------------------------------------------
      5719.2   0.01680.9  Jan   56   36    5

                                Wind Speed (mph)
                          Dom
 YR MO   Avg.  Hi   Date  Dir
------------------------------
 21  1   1.4  24.4   19     N
 21  2   2.7  32.7   23   ESE
 21  3   2.3  29.8   10     W
 21  4   1.5  20.6    1    NE
 21  5   1.7  27.3    3   ESE
 21  6   1.2  57.0   12   ENE
 21  7   1.1  57.0   12    NE
 21  8   1.1  19.0    5   ENE
 21  9   1.1  25.0   30   ESE
 21 10   1.0  24.0    5   SSE
 21 11
 21 12
------------------------------
         1.5  57.0  Jun   ENE