NOAA-Style Climate Reports


Report for 2021 March
                   Monthly Climatological Summary for Mar 2021

Name: StaffordWX   City: Stafford   State: StaffordshIre
Elevation: 289 ft  Lat: N 52° 47' 30"   Lon: E 002° 07' 14"

                  Temperature (°C), Rain (mm), Wind Speed (mph)

                                      Heat  Cool        Avg
    Mean                              Deg   Deg         Wind                 Dom
Day Temp  High   Time   Low    Time   Days  Days  Rain  Speed High   Time    Dir
----------------------------------------------------------------------------------
01   2.7   5.1   14:01  -1.0   05:29  15.6   0.0   0.0   2.0  13.0   09:25     E
02   4.2   7.8   13:12   2.6   06:09  14.1   0.0   0.0   2.4  10.7   09:34     E
03   4.0   5.8   12:54   2.5   06:42  14.3   0.0   0.0   1.7   8.3   15:48     E
04   4.3   7.4   15:10   2.4   01:17  14.0   0.0   0.0   1.2  11.4   19:10   ENE
05   4.3   6.7   13:30   1.8   22:55  14.0   0.0   0.0   1.0   9.2   11:44   ENE
06   2.3   7.1   12:22  -3.1   23:58  16.0   0.0   0.0   0.5   6.0   12:22     E
07   2.5   7.7   15:39  -3.3   03:18  15.8   0.0   0.0   0.8   8.3   13:55   WNW
08   4.5  10.1   14:28  -0.3   05:55  13.8   0.0   0.0   0.9   7.6   14:10   WNW
09   5.3  11.2   15:13  -1.6   06:04  13.0   0.0   0.0   1.7  15.9   22:24    SE
10   8.7  11.5   22:33   5.5   02:24   9.6   0.0   0.0   5.6  29.8   22:34    SE
11   7.6  10.8   12:42   3.7   20:04  10.7   0.0   0.0   4.4  23.5   01:49     W
12   6.2   9.4   13:22   3.7   06:44  12.1   0.0   0.0   3.6  19.0   20:57   SSW
13   5.5   8.0   10:42   3.1   02:35  12.8   0.0   0.0   4.1  22.8   01:14   WNW
14   6.9   9.7   12:16   4.5   03:36  11.4   0.0   0.0   3.3  15.2   17:12     W
15   8.4  11.4   14:13   5.6   23:58   9.9   0.0   0.0   2.6  14.5   01:37   WNW
16   8.8  11.4   11:09   4.4   23:57   9.5   0.0   0.0   2.3  16.8   13:24   WNW
17   5.7  10.5   13:35   1.3   02:53  12.6   0.0   0.0   1.1   9.2   08:31   WNW
18   6.7  10.2   14:08   0.6   02:37  11.6   0.0   0.0   1.9  12.1   22:40   WNW
19   8.5  10.6   13:01   7.4   05:39   9.8   0.0   0.0   1.5   9.8   04:45    NW
20   8.8  12.8   14:47   6.9   03:14   9.5   0.0   0.0   1.9  16.8   18:17   WNW
21   7.7  13.0   14:17   1.6   23:55  10.6   0.0   0.0   1.0   8.3   13:13   WNW
22   7.0  12.3   14:23   0.6   00:48  11.3   0.0   0.0   1.2   7.6   10:25   WNW
23   8.6  12.4   15:29   5.2   00:00   9.9   0.0   0.0   1.5  13.0   13:25    SE
24   9.1  13.7   13:32   4.2   22:07   9.0   0.0   0.0   1.7  13.6   12:49     W
25   9.2  15.5   13:55   2.3   03:31   9.1   0.0   0.0   2.7  24.4   12:25    SE
26   7.9  11.7   13:13   1.7   23:40  10.4   0.0   0.0   3.2  22.8   08:22   SSE
27   7.2  10.6   09:02   2.6   00:00  11.1   0.0   0.0   3.2  23.5   21:36    SW
28  11.4  14.7   13:08   8.4   00:00   6.6   0.0   0.0   4.7  25.9   11:48    SE
29  13.1  18.0   14:26   6.3   23:51   5.2   0.0   0.0   2.9  20.6   02:49   SSE
30  11.8  20.6   15:43   4.5   03:46   6.8   0.4   0.0   1.0  11.4   13:20   ESE
31  15.3  22.2   14:53   9.6   03:38   3.8   0.8   0.0   0.8  14.5   23:59   ESE
----------------------------------------------------------------------------------
     7.2  22.2    31    -3.3     7   343.9   1.2   0.0   2.2  29.8    10     SSW

Max >=  27.0  0
Max <=   0.0  0
Min <=   0.0  5
Min <= -18.0  0
Max Rain: 0.0 on day 0
Days of Rain: 0 (>= 0.2 mm)  0 (>= 2.0 mm)  0 (>= 20.0 mm)
Heat Base: 18.3  Cool Base: 18.3  Method: Integration