NOAA-Style Climate Reports


Report for 2021 August
                   Monthly Climatological Summary for Aug 2021

Name: StaffordWX   City: Stafford   State: StaffordshIre
Elevation: 289 ft  Lat: N 52° 47' 30"   Lon: E 002° 07' 14"

                  Temperature (°C), Rain (mm), Wind Speed (mph)

                                      Heat  Cool        Avg
    Mean                              Deg   Deg         Wind                 Dom
Day Temp  High   Time   Low    Time   Days  Days  Rain  Speed High   Time    Dir
----------------------------------------------------------------------------------
01  16.5  22.6   16:23  12.7   23:03   2.4   0.6   2.4   0.9   9.0   11:43   NNW
02  16.4  25.1   10:50   6.1   13:39   2.7   0.8   9.3   0.6   7.0   17:46     E
03  16.2  23.6   10:17   8.2   05:36   3.3   1.2   0.0   0.8  11.0   20:31     E
04  18.5  26.1   10:12  13.1   04:09   1.8   1.9   0.0   1.1  11.0   13:28     E
05  15.6  20.0   12:11  11.6   05:42   2.8   0.0   0.0   2.7  19.0   14:54     E
06  16.2  20.7   14:37  12.8   23:49   2.4   0.3   9.5   2.3  14.0   11:39   ESE
07  15.0  18.8   16:24  12.3   05:43   3.3   0.0   2.7   2.8  19.0   10:29   ESE
08  16.0  21.2   12:44  14.0   01:36   2.4   0.1   1.2   2.1  17.0   12:45   SSW
09  15.5  21.6   15:08  11.7   05:23   3.2   0.4   0.0   1.4  11.0   15:50    SE
10  17.8  24.7   14:27  12.6   00:00   2.0   1.4   0.0   1.2   8.0   10:13    NW
11  17.2  21.6   12:35  12.2   03:43   2.0   0.9   0.0   2.1  16.0   15:59   ESE
12  16.8  22.4   10:24  10.3   06:01   2.7   1.2   0.0   1.7  14.0   14:11   ESE
13  18.0  23.9   14:05  13.2   05:46   1.6   1.4   0.0   2.1  15.0   11:50   SSE
14  17.9  22.4   15:01  13.9   02:07   1.5   1.1   0.0   0.7   8.0   10:03   ESE
15  17.0  21.1   11:37  12.4   23:59   1.9   0.6   0.0   1.1  11.0   11:25   WSW
16  14.8  18.8   13:43  11.4   03:01   3.5   0.0   0.0   1.6  15.0   05:46     W
17  15.8  19.9   15:10  13.3   05:59   2.6   0.1   0.0   1.5  12.0   15:49     W
18  16.5  20.4   14:58  13.0   05:57   2.0   0.2   0.0   1.3  11.0   14:41     W
19  16.5  19.7   17:12  13.7   05:23   1.9   0.1   0.0   0.9  10.0   13:14    SE
20  18.5  23.0   12:07  14.3   06:55   1.2   1.4   0.9   1.1  11.0   12:52   ESE
21  16.6  18.0   13:07  14.6   21:23   1.7   0.0   4.2   1.0   8.0   16:47     E
22  16.7  21.7   14:14  13.1   06:10   2.3   0.7  18.0   1.0  11.0   13:50    NW
23  18.3  22.7   15:01   6.1   08:50   1.3   1.2   0.0   0.9   8.0   15:48   ENE
24  16.9  20.7   15:06  13.2   01:15   1.8   0.3   0.0   0.7   8.0   13:43   ENE
25  16.6  21.2   16:56  12.4   23:57   2.1   0.4   0.0   0.4   6.0   07:17    NE
26  16.6  25.0   09:46  11.7   23:39   2.6   1.0   0.0   1.0   9.0   16:15   NNE
27  15.5  19.6   14:47  11.9   00:00   2.9   0.1   0.0   0.8   8.0   12:58    NW
28  15.8  24.5   09:13   7.8   06:35   3.8   1.3   0.0   0.6   7.0   11:31    NE
29  15.5  20.5   09:38  11.2   03:41   2.9   0.1   0.0   1.0  10.0   12:07    NW
30  15.4  18.5   16:10  13.3   05:40   2.9   0.0   0.0   1.1   8.0   09:19    NW
31  14.5  17.2   14:50  12.2   06:19   3.8   0.0   0.0   1.1  10.0   15:17   NNW
----------------------------------------------------------------------------------
    16.5  26.1     4     6.1     2    75.3  18.8  48.2   1.1  19.0     5     ESE

Max >=  27.0  0
Max <=   0.0  0
Min <=   0.0  0
Min <= -18.0  0
Max Rain: 18.0 on day 22
Days of Rain: 8 (>= 0.2 mm)  6 (>= 2.0 mm)  0 (>= 20.0 mm)
Heat Base: 18.3  Cool Base: 18.3  Method: Integration