NOAA-Style Climate Reports
Select a Year or Month report
2024: Jan Feb Mar Apr May Jun Jul Aug Sep Oct Nov Dec
2023: Jan Feb Mar Apr May Jun Jul Aug Sep Oct Nov Dec
2022: Jan Feb Mar Apr May Jun Jul Aug Sep Oct Nov Dec
2021: Jan Feb Mar Apr May Jun Jul Aug Sep Oct Nov Dec
2020: Jan Feb Mar Apr May Jun Jul Aug Sep Oct Nov Dec
2019: Jan Feb Mar Apr May Jun Jul Aug Sep Oct Nov Dec
2018: Jan Feb Mar Apr May Jun Jul Aug Sep Oct Nov Dec
2017: Jan Feb Mar Apr May Jun Jul Aug Sep Oct Nov Dec
2016: Jan Feb Mar Apr May Jun Jul Aug Sep Oct Nov Dec
2015: Jan Feb Mar Apr May Jun Jul Aug Sep Oct Nov Dec
2014: Jan Feb Mar Apr May Jun Jul Aug Sep Oct Nov Dec
2013: Jan Feb Mar Apr May Jun Jul Aug Sep Oct Nov Dec
2012: Jan Feb Mar Apr May Jun Jul Aug Sep Oct Nov Dec
2011: Jan Feb Mar Apr May Jun Jul Aug Sep Oct Nov Dec
2024: Jan Feb Mar Apr May Jun Jul Aug Sep Oct Nov Dec
2023: Jan Feb Mar Apr May Jun Jul Aug Sep Oct Nov Dec
2022: Jan Feb Mar Apr May Jun Jul Aug Sep Oct Nov Dec
2021: Jan Feb Mar Apr May Jun Jul Aug Sep Oct Nov Dec
2020: Jan Feb Mar Apr May Jun Jul Aug Sep Oct Nov Dec
2019: Jan Feb Mar Apr May Jun Jul Aug Sep Oct Nov Dec
2018: Jan Feb Mar Apr May Jun Jul Aug Sep Oct Nov Dec
2017: Jan Feb Mar Apr May Jun Jul Aug Sep Oct Nov Dec
2016: Jan Feb Mar Apr May Jun Jul Aug Sep Oct Nov Dec
2015: Jan Feb Mar Apr May Jun Jul Aug Sep Oct Nov Dec
2014: Jan Feb Mar Apr May Jun Jul Aug Sep Oct Nov Dec
2013: Jan Feb Mar Apr May Jun Jul Aug Sep Oct Nov Dec
2012: Jan Feb Mar Apr May Jun Jul Aug Sep Oct Nov Dec
2011: Jan Feb Mar Apr May Jun Jul Aug Sep Oct Nov Dec
Report for 2014 November
 Monthly Climatological Summary for Nov 2014 Name: StaffordWX City: Stafford State: Staffordshire Elevation: 57 m Lat: N 52° 47' 32" Lon: W 002° 07' 13" Temperature (°C), Rain (mm), Wind Speed (mph) Heat Cool Avg Mean Deg Deg Wind Dom Day Temp High Time Low Time Days Days Rain Speed High Time Dir ---------------------------------------------------------------------------------- 1 13.5 16.1 00:28 10.5 07:25 4.8 0.0 0.9 3.1 22.1 20:31 SE 2 11.2 13.4 03:11 7.7 18:59 7.1 0.0 5.4 1.9 18.3 00:24 SSE 3 8.1 13.8 16:18 4.2 23:58 10.4 0.0 1.5 2.6 19.7 03:27 SE 4 4.0 8.3 14:34 0.3 07:00 14.4 0.0 0.0 0.2 3.8 04:33 S 5 4.2 9.9 12:31 -1.4 23:44 14.1 0.0 0.0 0.6 8.3 13:40 WNW 6 6.1 10.8 15:21 -1.8 00:40 12.2 0.0 0.3 3.5 19.0 22:37 SE 7 8.8 11.6 05:13 5.4 21:17 9.5 0.0 16.2 2.4 18.3 00:53 SE 8 7.4 10.5 15:06 4.4 23:34 10.9 0.0 3.9 2.3 15.9 18:21 SE 9 5.9 9.1 13:01 2.6 06:37 12.4 0.0 0.0 1.1 9.2 12:37 SE 10 8.4 10.8 14:03 5.8 05:54 9.9 0.0 0.9 2.6 17.4 21:48 SE 11 10.4 11.1 19:44 9.6 03:48 7.9 0.0 3.0 4.6 18.3 00:36 SE 12 9.5 11.4 13:24 6.3 18:41 8.8 0.0 3.0 3.0 21.3 08:12 SE 13 10.9 12.2 12:15 8.3 00:01 7.5 0.0 0.0 6.8 22.8 11:58 SSE 14 12.0 12.0 00:00 12.0 00:00 6.3 0.0 0.0 9.8 15.9 00:00 SSE 15 10.1 13.8 11:09 7.6 22:25 8.3 0.0 0.0 5.1 15.9 00:00 SSE 16 8.3 10.4 12:11 6.9 20:15 10.0 0.0 0.6 1.0 9.2 11:12 E 17 7.8 8.8 09:57 6.8 02:43 10.5 0.0 4.2 1.5 13.6 10:47 NE 18 7.8 11.5 12:50 4.8 07:39 10.5 0.0 0.3 1.1 10.7 11:28 E 19 7.4 10.9 14:20 5.6 03:06 10.9 0.0 0.0 1.4 9.2 10:35 E 20 6.4 9.3 13:18 4.0 07:23 11.9 0.0 0.0 1.1 11.4 11:24 ESE 21 6.5 8.1 13:29 4.5 00:59 11.8 0.0 11.4 2.5 15.9 10:52 ESE 22 10.1 13.7 12:36 7.5 00:00 8.2 0.0 0.9 1.3 10.7 06:24 SE 23 6.1 8.6 00:00 1.6 22:30 12.2 0.0 1.5 0.8 9.2 14:43 WNW 24 1.3 6.1 13:17 -1.6 05:13 17.0 0.0 0.3 0.2 6.9 00:13 SSE 25 1.8 5.3 23:14 -1.8 04:30 16.5 0.0 0.6 0.3 6.9 17:39 E 26 6.5 7.1 10:03 5.3 00:00 11.8 0.0 2.4 0.5 7.6 09:54 E 27 6.3 8.1 14:06 2.8 19:10 12.0 0.0 1.5 0.5 7.6 21:30 ESE 28 9.2 10.5 12:56 6.5 00:00 9.1 0.0 0.3 2.6 13.0 20:22 E 29 9.6 10.3 13:20 9.2 07:05 9.0 0.0 0.6 1.7 13.6 01:01 ESE 30 8.4 10.7 13:27 6.1 08:08 9.9 0.0 0.0 0.7 9.2 12:30 WNW ---------------------------------------------------------------------------------- 7.8 16.1 1 -1.8 6 315.8 0.0 59.7 2.2 22.8 13 SE Max >= 27.0: 0 Max <= 0.0: 0 Min <= 0.0: 4 Min <= -18.0: 0 Max Rain: 16.2 on day 7 Days of Rain: 21 (>= 0.2 mm) 8 (>= 2.0 mm) 0 (>= 20.0 mm) Heat Base: 18.3 Cool Base: 18.3 Method: Integration