NOAA-Style Climate Reports
Select a Year or Month report
2024: Jan Feb Mar Apr May Jun Jul Aug Sep Oct Nov Dec
2023: Jan Feb Mar Apr May Jun Jul Aug Sep Oct Nov Dec
2022: Jan Feb Mar Apr May Jun Jul Aug Sep Oct Nov Dec
2021: Jan Feb Mar Apr May Jun Jul Aug Sep Oct Nov Dec
2020: Jan Feb Mar Apr May Jun Jul Aug Sep Oct Nov Dec
2019: Jan Feb Mar Apr May Jun Jul Aug Sep Oct Nov Dec
2018: Jan Feb Mar Apr May Jun Jul Aug Sep Oct Nov Dec
2017: Jan Feb Mar Apr May Jun Jul Aug Sep Oct Nov Dec
2016: Jan Feb Mar Apr May Jun Jul Aug Sep Oct Nov Dec
2015: Jan Feb Mar Apr May Jun Jul Aug Sep Oct Nov Dec
2014: Jan Feb Mar Apr May Jun Jul Aug Sep Oct Nov Dec
2013: Jan Feb Mar Apr May Jun Jul Aug Sep Oct Nov Dec
2012: Jan Feb Mar Apr May Jun Jul Aug Sep Oct Nov Dec
2011: Jan Feb Mar Apr May Jun Jul Aug Sep Oct Nov Dec
2024: Jan Feb Mar Apr May Jun Jul Aug Sep Oct Nov Dec
2023: Jan Feb Mar Apr May Jun Jul Aug Sep Oct Nov Dec
2022: Jan Feb Mar Apr May Jun Jul Aug Sep Oct Nov Dec
2021: Jan Feb Mar Apr May Jun Jul Aug Sep Oct Nov Dec
2020: Jan Feb Mar Apr May Jun Jul Aug Sep Oct Nov Dec
2019: Jan Feb Mar Apr May Jun Jul Aug Sep Oct Nov Dec
2018: Jan Feb Mar Apr May Jun Jul Aug Sep Oct Nov Dec
2017: Jan Feb Mar Apr May Jun Jul Aug Sep Oct Nov Dec
2016: Jan Feb Mar Apr May Jun Jul Aug Sep Oct Nov Dec
2015: Jan Feb Mar Apr May Jun Jul Aug Sep Oct Nov Dec
2014: Jan Feb Mar Apr May Jun Jul Aug Sep Oct Nov Dec
2013: Jan Feb Mar Apr May Jun Jul Aug Sep Oct Nov Dec
2012: Jan Feb Mar Apr May Jun Jul Aug Sep Oct Nov Dec
2011: Jan Feb Mar Apr May Jun Jul Aug Sep Oct Nov Dec
Report for 2022 November
Monthly Climatological Summary for Nov 2022 Name: StaffordWX City: Stafford State: Staffordshire Elevation: 88 m Lat: N 52° 47' 32" Lon: W 002° 07' 13" Temperature (°C), Rain (mm), Wind Speed (km/h) Heat Cool Avg Mean Deg Deg Wind Dom Day Temp High Time Low Time Days Days Rain Speed High Time Dir ---------------------------------------------------------------------------------- 01 10.1 12.8 10:00 7.2 22:25 8.2 0.0 14.3 3.6 30.0 13:21 SSE 02 9.2 13.7 14:17 4.6 04:55 9.1 0.0 9.1 6.0 40.0 13:01 SE 03 8.1 13.2 13:33 3.0 23:24 10.2 0.0 0.0 1.1 17.0 13:30 SSE 04 5.5 12.7 12:57 0.0 06:57 12.8 0.0 0.1 0.7 17.0 13:03 WNW 05 8.4 12.8 13:59 4.3 23:56 9.9 0.0 2.5 2.9 35.0 15:59 SE 06 8.2 11.2 12:00 4.3 00:00 10.1 0.0 3.2 2.8 24.0 21:35 SE 07 11.1 14.2 14:08 6.5 02:28 7.2 0.0 0.6 6.0 40.0 23:53 SE 08 9.9 14.5 12:32 7.7 21:18 8.4 0.0 18.6 5.9 44.0 00:07 SE 09 8.8 13.1 13:00 7.1 04:30 9.5 0.0 0.1 2.7 20.0 12:19 SSE 10 12.3 14.7 11:54 8.5 01:05 6.0 0.0 0.0 5.5 33.0 15:52 SE 11 13.9 15.9 14:07 10.4 23:55 4.4 0.0 0.0 5.1 28.0 04:54 SSE 12 10.8 14.3 13:05 8.9 02:35 7.5 0.0 0.0 2.4 17.0 00:40 SE 13 10.4 13.5 13:07 7.1 03:17 7.9 0.0 0.1 2.5 18.0 16:18 ESE 14 10.4 13.3 13:44 6.8 23:51 7.9 0.0 0.5 1.3 15.0 21:35 SE 15 9.1 12.3 13:47 6.6 22:50 9.2 0.0 20.6 4.0 28.0 08:53 SE 16 7.2 10.1 13:28 4.1 05:49 11.1 0.0 1.8 2.4 15.0 01:36 ESE 17 8.3 9.8 12:19 7.5 06:25 10.0 0.0 19.0 3.8 24.0 11:56 WNW 18 8.3 11.1 12:57 6.1 23:28 10.0 0.0 5.4 2.6 22.0 00:39 WNW 19 5.8 9.0 13:37 3.8 08:13 12.5 0.0 0.0 0.8 9.0 01:58 SSW 20 6.3 8.8 12:15 1.2 23:55 12.9 0.0 6.3 2.3 18.0 03:54 WSW 21 5.8 6.3 17:10 0.8 00:15 14.0 0.0 47.8 2.1 26.0 13:39 ESE 22 5.7 9.0 14:16 2.7 23:42 12.6 0.0 1.1 1.0 11.0 13:52 W 23 6.0 8.8 12:54 2.7 00:22 12.3 0.0 17.1 3.8 30.0 12:35 SE 24 6.1 10.9 12:07 2.8 05:50 12.2 0.0 12.5 4.8 35.0 12:52 SE 25 6.0 9.4 13:50 2.7 07:01 12.3 0.0 1.2 1.7 24.0 00:26 SSE 26 8.8 11.3 21:33 5.6 06:30 9.5 0.0 5.6 6.1 46.0 17:23 SE 27 8.4 10.7 00:00 3.8 21:41 9.9 0.0 1.0 1.7 22.0 00:00 SE 28 5.9 9.8 13:38 3.3 18:07 12.4 0.0 0.2 1.1 15.0 02:01 ESE 29 5.0 6.6 11:34 4.4 05:36 13.3 0.0 0.2 0.9 11.0 18:18 E 30 4.9 6.9 13:35 3.5 03:57 13.4 0.0 0.3 1.3 15.0 09:43 SE ---------------------------------------------------------------------------------- 8.2 15.9 11 0.0 4 306.7 0.0 189.2 2.9 46.0 26 SE Max >= 27.0 0 Max <= 0.0 0 Min <= 0.0 1 Min <= -18.0 0 Max Rain: 47.8 on day 21 Days of Rain: 22 (>= 0.2 mm) 13 (>= 2.0 mm) 2 (>= 20.0 mm) Heat Base: 18.3 Cool Base: 18.3 Method: Integration