NOAA-Style Climate Reports
Select a Year or Month report
2024: Jan Feb Mar Apr May Jun Jul Aug Sep Oct Nov Dec
2023: Jan Feb Mar Apr May Jun Jul Aug Sep Oct Nov Dec
2022: Jan Feb Mar Apr May Jun Jul Aug Sep Oct Nov Dec
2021: Jan Feb Mar Apr May Jun Jul Aug Sep Oct Nov Dec
2020: Jan Feb Mar Apr May Jun Jul Aug Sep Oct Nov Dec
2019: Jan Feb Mar Apr May Jun Jul Aug Sep Oct Nov Dec
2018: Jan Feb Mar Apr May Jun Jul Aug Sep Oct Nov Dec
2017: Jan Feb Mar Apr May Jun Jul Aug Sep Oct Nov Dec
2016: Jan Feb Mar Apr May Jun Jul Aug Sep Oct Nov Dec
2015: Jan Feb Mar Apr May Jun Jul Aug Sep Oct Nov Dec
2014: Jan Feb Mar Apr May Jun Jul Aug Sep Oct Nov Dec
2013: Jan Feb Mar Apr May Jun Jul Aug Sep Oct Nov Dec
2012: Jan Feb Mar Apr May Jun Jul Aug Sep Oct Nov Dec
2011: Jan Feb Mar Apr May Jun Jul Aug Sep Oct Nov Dec
2024: Jan Feb Mar Apr May Jun Jul Aug Sep Oct Nov Dec
2023: Jan Feb Mar Apr May Jun Jul Aug Sep Oct Nov Dec
2022: Jan Feb Mar Apr May Jun Jul Aug Sep Oct Nov Dec
2021: Jan Feb Mar Apr May Jun Jul Aug Sep Oct Nov Dec
2020: Jan Feb Mar Apr May Jun Jul Aug Sep Oct Nov Dec
2019: Jan Feb Mar Apr May Jun Jul Aug Sep Oct Nov Dec
2018: Jan Feb Mar Apr May Jun Jul Aug Sep Oct Nov Dec
2017: Jan Feb Mar Apr May Jun Jul Aug Sep Oct Nov Dec
2016: Jan Feb Mar Apr May Jun Jul Aug Sep Oct Nov Dec
2015: Jan Feb Mar Apr May Jun Jul Aug Sep Oct Nov Dec
2014: Jan Feb Mar Apr May Jun Jul Aug Sep Oct Nov Dec
2013: Jan Feb Mar Apr May Jun Jul Aug Sep Oct Nov Dec
2012: Jan Feb Mar Apr May Jun Jul Aug Sep Oct Nov Dec
2011: Jan Feb Mar Apr May Jun Jul Aug Sep Oct Nov Dec
Report for 2023 April
Monthly Climatological Summary for Apr 2023 Name: StaffordWX City: Stafford State: Staffordshire Elevation: 88 m Lat: N 52° 47' 32" Lon: W 002° 07' 13" Temperature (°C), Rain (mm), Wind Speed (km/h) Heat Cool Avg Mean Deg Deg Wind Dom Day Temp High Time Low Time Days Days Rain Speed High Time Dir ---------------------------------------------------------------------------------- 01 8.9 12.3 11:40 6.6 05:53 9.4 0.0 0.0 2.1 18.0 13:07 NNW 02 8.2 14.5 13:38 2.1 23:57 10.1 0.0 0.0 2.5 15.0 08:11 ENE 03 5.6 13.8 15:01 -2.2 06:38 12.7 0.0 0.0 2.7 22.0 09:49 ESE 04 6.8 15.5 15:06 -2.7 06:29 11.5 0.0 0.0 2.3 18.0 17:28 SE 05 8.3 10.8 13:05 5.8 04:59 10.0 0.0 7.7 2.8 18.0 13:00 SE 06 9.4 15.3 14:00 3.6 23:24 8.9 0.0 0.9 3.0 26.0 12:53 WNW 07 6.9 15.7 15:09 -0.7 06:29 11.4 0.0 0.0 1.2 17.0 13:53 NW 08 8.6 18.8 15:20 0.3 06:04 9.7 0.0 0.0 2.3 20.0 15:01 ESE 09 10.0 17.1 13:55 2.4 06:44 8.3 0.0 0.3 4.4 28.0 17:23 SE 10 10.4 15.2 15:15 4.4 23:31 7.9 0.0 2.7 5.0 33.0 13:39 SSW 11 7.9 14.7 12:42 3.2 06:55 10.4 0.0 3.8 6.0 51.0 20:03 SE 12 5.7 11.3 09:02 1.5 05:54 12.6 0.0 6.0 6.1 44.0 12:57 SSE 13 8.4 15.0 12:58 2.9 23:55 9.9 0.0 0.1 3.9 31.0 14:33 WNW 14 5.7 11.6 13:07 0.2 05:06 12.6 0.0 11.6 0.8 15.0 11:27 ESE 15 7.9 15.4 13:35 1.7 01:15 10.4 0.0 0.1 0.6 13.0 17:54 NE 16 10.1 15.2 14:35 5.8 00:45 8.2 0.0 0.5 1.8 20.0 13:08 SE 17 11.5 16.0 14:31 5.9 23:58 6.8 0.0 2.3 1.0 17.0 23:59 ESE 18 10.2 17.3 14:51 5.7 02:12 8.1 0.0 0.0 4.1 30.0 16:33 ESE 19 10.2 16.8 14:23 3.9 23:38 8.1 0.0 0.0 4.9 39.0 16:40 ESE 20 9.5 17.4 14:55 1.3 06:11 8.8 0.0 0.0 3.2 28.0 14:41 ESE 21 9.3 14.6 14:00 6.6 08:07 9.0 0.0 13.7 3.1 30.0 15:07 ESE 22 8.0 16.3 15:15 4.0 05:29 8.1 0.0 0.0 2.9 22.0 14:50 SE 23 8.4 15.0 13:25 5.3 23:55 8.7 0.0 0.0 2.0 17.0 14:00 NNW 24 5.3 13.3 12:10 3.2 23:50 10.3 0.0 0.0 1.5 15.0 19:35 N 25 3.2 15.8 09:10 -2.6 06:05 11.7 0.0 0.0 1.3 15.0 12:00 NNW 26 4.1 17.2 14:50 3.3 06:05 8.6 0.0 0.0 2.7 18.0 10:55 SE 27 5.7 12.7 16:35 4.3 02:50 9.4 0.0 0.0 4.3 22.0 11:50 ESE 28 11.0 17.3 15:35 7.7 05:15 7.0 0.0 6.2 2.6 22.0 13:25 NNW 29 13.3 20.4 13:39 8.2 00:34 5.1 0.1 1.9 1.0 17.0 11:41 ESE 30 12.3 15.9 12:04 9.0 06:05 6.0 0.0 3.0 3.3 22.0 08:54 SE ---------------------------------------------------------------------------------- 8.4 20.4 29 -2.7 4 279.7 0.1 60.8 2.8 51.0 11 ESE Max >= 27.0 0 Max <= 0.0 0 Min <= 0.0 4 Min <= -18.0 0 Max Rain: 13.7 on day 21 Days of Rain: 13 (>= 0.2 mm) 9 (>= 2.0 mm) 0 (>= 20.0 mm) Heat Base: 18.3 Cool Base: 18.3 Method: Integration