NOAA-Style Climate Reports


Report for 2012
                   Annual Climatological Summary for 2012

Name: StaffordWX   City: Stafford   State: Staffordshire
Elevation: 57 m  Lat: N 52° 47' 32"   Lon: W 002° 07' 13"

                  Temperature (°C), Heat Base: 18.3  Cool Base: 18.3
                          Dep.  Heat  Cool                       Max  Max  Min  Min
        Mean  Mean        From  Deg   Deg                        >=   <=   <=   <=
 YR MO  Max   Min   Mean  Norm  Days  Days  Hi  Date  Low  Date 27.0  0.0  0.0 -18.0
------------------------------------------------------------------------------------
 12  1   8.0   1.5   4.7   0.0   420     0  12.2  11  -5.4   17    0    0   11    0
 12  2   7.3   0.5   4.1   0.0   412     0  15.9  23  -8.6    4    0    0   12    0
 12  3  13.8   3.0   8.4   0.0   238     0  20.1  28  -1.5    6    0    0    4    0
 12  4  12.4   2.8   7.2   0.0   331     0  19.2  30  -3.3    6    0    0    6    0
 12  5  18.6   6.9  12.5   0.0   203    23  27.9  24  -0.1    5    4    0    1    0
 12  6  18.9   9.8  13.9   0.0   140     8  25.4  27   5.5    5    0    0    0    0
 12  7  21.7  11.1  16.0   0.0    98    26  29.2  24   7.4   12    3    0    0    0
 12  8  22.1  11.8  16.4   0.0    83    25  26.7  10   4.6   31    0    0    0    0
 12  9  18.2   7.3  12.4   0.0   184     9  25.5   9   0.4   22    0    0    0    0
 12 10  12.8   4.9   8.7   0.0   297     0  16.4   2  -1.6   27    0    0    2    0
 12 11   9.1   2.7   5.8   0.0   373     0  14.8  20  -3.8   29    0    0   11    0
 12 12   6.9   0.8   4.2   0.0   432     0  11.8  23  -5.1   11    0    0   11    0
------------------------------------------------------------------------------------
        14.1   5.2   9.5   0.0  3217    93  29.2 Jul  -8.6  Feb    7    0   58    0

                                Precipitation (mm)

              Dep.   Max        Days of Rain
              From   Obs.           >=
 YR MO Total  Norm   Day Date  0.2  2.0 20.0
---------------------------------------------
 12  1  57.6   0.0  11.1  20    19    9    0
 12  2  18.0   0.0   5.1  18    11    3    0
 12  3  22.8   0.0  11.4  19     5    2    0
 12  4 103.2   0.0  20.4  25    22   14    1
 12  5  34.5   0.0   9.6   9    16    4    0
 12  6 109.8   0.0  19.8   3    22   12    0
 12  7 125.4   0.0  28.2   6    21   12    2
 12  8  66.3   0.0  11.1  15    20   12    0
 12  9  92.1   0.0  29.1  24    19   11    1
 12 10  63.0   0.0  16.8  11    22   11    0
 12 11  68.4   0.0  15.3  21    19    9    0
 12 12  90.3   0.0  13.5  14    25   14    0
---------------------------------------------
       851.4   0.0  29.1  Sep  221  113    4

                                Wind Speed (mph)
                          Dom
 YR MO   Avg.  Hi   Date  Dir
------------------------------
 12  1   1.8  28.2   21   WNW
 12  2   1.7  25.1   22   WSW
 12  3   2.0  23.5    7    NW
 12  4   2.1  30.4    4   ENE
 12  5   2.1  22.8   10   ENE
 12  6   2.3  26.6   29    SE
 12  7   1.6  52.6    5   SSW
 12  8   1.7  22.1   15    SE
 12  9   1.6  54.8    8     S
 12 10   1.5  24.4    1   ESE
 12 11   1.7  30.4   22    SE
 12 12   2.1  57.3    6   SSE
------------------------------
         1.9  57.3  Dec    SE