NOAA-Style Climate Reports


Report for 2015
                   Annual Climatological Summary for 2015

Name: StaffordWX   City: Stafford   State: Staffordshire
Elevation: 87 m  Lat: N 52° 47' 32"   Lon: W 002° 07' 13"

                  Temperature (°C), Heat Base: 18.3  Cool Base: 18.3
                          Dep.  Heat  Cool                       Max  Max  Min  Min
        Mean  Mean        From  Deg   Deg                        >=   <=   <=   <=
 YR MO  Max   Min   Mean  Norm  Days  Days  Hi  Date  Low  Date 27.0  0.0  0.0 -18.0
------------------------------------------------------------------------------------
 15  1   7.8   0.9   4.1   0.0   439     0  14.7   9  -4.5   19    0    0   11    0
 15  2   7.1   0.1   3.6   0.0   411     0  11.8  28  -4.8    1    0    0   13    0
 15  3  10.5   1.6   5.9   0.0   385     0  15.3   7  -2.4    9    0    0   12    0
 15  4  15.4   3.6   9.3   0.0   270     0  20.2  21  -1.6   27    0    0    3    0
 15  5  16.5   6.1  11.3   0.0   219     1  21.1  22   0.9    1    0    0    0    0
 15  6  20.7   7.7  14.2   0.0   144    20  30.4  30   2.4   18    1    0    0    0
 15  7  22.3  10.3  16.2   0.0    97    32  33.6   1   3.5   31    2    0    0    0
 15  8  22.1  10.5  16.0   0.0    96    26  28.4  22   4.3   16    1    0    0    0
 15  9  18.2   7.1  12.3   0.0   182     1  21.8  10   2.2   26    0    0    0    0
 15 10  14.8   5.9  10.3   0.0   247     0  19.1   5   0.9   25    0    0    0    0
 15 11  11.8   5.6   8.9   0.0   282     0  17.3  10  -3.1   23    0    0    3    0
 15 12  11.9   6.1   9.2   0.0   282     0  15.0  26   0.6   31    0    0    0    0
------------------------------------------------------------------------------------
        14.9   5.5  10.1   0.0  3061    82  33.6 Jul  -4.8  Feb    4    0   42    0

                                Precipitation (mm)

              Dep.   Max        Days of Rain
              From   Obs.           >=
 YR MO Total  Norm   Day Date  0.2  2.0 20.0
---------------------------------------------
 15  1  47.4   0.0   6.6   3    23   12    0
 15  2  26.4   0.0   4.8  22    14    6    0
 15  3  46.8   0.0   7.8  13    16    9    0
 15  4  66.3   0.0  46.5  11    12    7    1
 15  5  55.8   0.0  10.5  18    14   11    0
 15  6  86.7   0.0  35.4  20    10    8    2
 15  7  50.7   0.0  14.4  26    18    7    0
 15  8  88.2   0.0  15.9  14    19    9    0
 15  9  30.6   0.0   9.3  21    10    4    0
 15 10  24.3   0.0   8.7   6    12    5    0
 15 11  58.5   0.0   4.8   7    26   17    0
 15 12  66.9   0.0   8.4  30    26    9    0
---------------------------------------------
       648.6   0.0  46.5  Apr  200  104    3

                                Wind Speed (mph)
                          Dom
 YR MO   Avg.  Hi   Date  Dir
------------------------------
 15  1   2.5  28.2   14   WSW
 15  2   1.8  27.3   22   SSW
 15  3   2.3  28.9   31     W
 15  4   1.7  28.2   12   NNW
 15  5   2.1  27.3    6    SW
 15  6   1.5  27.3    1    SE
 15  7   1.7  19.7    5    SW
 15  8   1.5  19.7   19    SE
 15  9   1.3  19.7   11     E
 15 10   1.2  24.4   10   ESE
 15 11   2.3  30.4   17   WSW
 15 12   3.1  32.0    5    SE
------------------------------
         1.9  32.0  Dec   SSW