NOAA-Style Climate Reports

Select a Year or Month report
2022: Jan Feb Mar Apr May Jun Jul Aug Sep Oct Nov Dec
2021: Jan Feb Mar Apr May Jun Jul Aug Sep Oct Nov Dec
2020: Jan Feb Mar Apr May Jun Jul Aug Sep Oct Nov Dec
2019: Jan Feb Mar Apr May Jun Jul Aug Sep Oct Nov Dec
2018: Jan Feb Mar Apr May Jun Jul Aug Sep Oct Nov Dec
2017: Jan Feb Mar Apr May Jun Jul Aug Sep Oct Nov Dec
2016: Jan Feb Mar Apr May Jun Jul Aug Sep Oct Nov Dec
2015: Jan Feb Mar Apr May Jun Jul Aug Sep Oct Nov Dec
2014: Jan Feb Mar Apr May Jun Jul Aug Sep Oct Nov Dec
2013: Jan Feb Mar Apr May Jun Jul Aug Sep Oct Nov Dec
2012: Jan Feb Mar Apr May Jun Jul Aug Sep Oct Nov Dec
2011: Jan Feb Mar Apr May Jun Jul Aug Sep Oct Nov Dec

Report for 2020
                   Annual Climatological Summary for 2020

Name: StaffordWX   City: Stafford   State: StaffordshIre
Elevation: 289 ft  Lat: N 52° 47' 30"   Lon: E 002° 07' 14"

                  Temperature (°C), Heat Base: 18.3  Cool Base: 18.3
                          Dep.  Heat  Cool                       Max  Max  Min  Min
        Mean  Mean        From  Deg   Deg                        >=   <=   <=   <=
 YR MO  Max   Min   Mean  Norm  Days  Days  Hi  Date  Low  Date 27.0  0.0  0.0 -18.0
------------------------------------------------------------------------------------
 20  1   8.9   3.7   6.3   0.0   371     0  12.9   7  -1.8   20    0    0    3    0
 20  2   9.6   2.8   6.0   0.0   357     0  12.8   9  -2.2    6    0    0    3    0
 20  3  10.3   1.4   5.9   0.0   365     0  17.0  24  -3.5    6    0    3   14    0
 20  4  17.8   4.6  11.0   0.0   228     8  25.1   8  -1.9   14    0    0    1    0
 20  5  21.2   6.3  13.8   0.0   171    30  27.3   9  -1.5   14    2    0    2    0
 20  6  21.3  10.0  15.6   0.0   113    35  31.0  25   0.0   14    4    0    2    0
 20  7  20.9  10.2  15.7   0.0    92    23  34.1  31   0.0   24    2    1    3    0
 20  8  23.2  11.3  17.4   0.0    70    43  31.6  12   0.0   15    5    0    4    0
 20  9  15.7   6.9  11.5   0.0   127     8  25.8  19   0.0   14    0    5    7    0
 20 10  12.2   5.5   9.0   0.0   245     0  17.1  20   0.0   15    0    3    6    0
 20 11  12.0   4.7   8.4   0.0   289     2  24.8  19  -1.2   26    0    0    5    0
 20 12   8.3   2.7   5.5   0.0   346     0  13.4   5  -3.3   25    0    0    5    0
------------------------------------------------------------------------------------
        15.2   5.9  10.6   0.0  2773   150  34.1 Jul  -3.5  Mar   13   12   55    0

                                Precipitation (mm)

              Dep.   Max        Days of Rain
              From   Obs.           >=
 YR MO Total  Norm   Day Date  0.2  2.0 20.0
---------------------------------------------
 20  1  47.1   0.0   9.3  11    18    7    0
 20  2 128.4   0.0  16.8  16    24   16    0
 20  36049.8   0.01203.0  14    15   11    5
 20  4  18.0   0.0   8.7  28     7    3    0
 20  5   5.1   0.0   2.1   1     6    1    0
 20  61357.2   0.01261.2  14    20   13    2
 20  7  49.5   0.0  10.8   8    15    9    0
 20  8 269.7   0.0 177.9  17    18    9    2
 20  91512.3   0.01493.1  19     8    5    1
 20 101668.9   0.01575.0  17    26   16    1
 20 11  19.8   0.0   4.2   2    11    3    0
 20 12  40.2   0.0  16.8  13    10    5    0
---------------------------------------------
     11166.0   0.01575.0  Oct  178   98   11

                                Wind Speed (mph)
                          Dom
 YR MO   Avg.  Hi   Date  Dir
------------------------------
 20  1   1.9  28.9   13    SE
 20  2   3.1  36.5    9    SW
 20  3   2.1  33.6   22   ENE
 20  4   1.7  22.1    5     E
 20  5   1.5  26.6   22     E
 20  6   0.8  20.6   11   ESE
 20  7   0.7  24.4   29   WSW
 20  8   0.9  28.2   21    NW
 20  9   0.8  26.6   30    SE
 20 10   1.2  25.1   24    SE
 20 11   1.9  24.4    1    SE
 20 12   2.1  25.9   26   ESE
------------------------------
         1.6  36.5  Feb    SE