NOAA-Style Climate Reports


Report for 2018
                   Annual Climatological Summary for 2018

Name: StaffordWX   City: Stafford   State: StaffordshIRE
Elevation: 0 ft  Lat: S 00° 00' 00"   Lon: W 000° 00' 00"

                  Temperature (°C), Heat Base: 18.3  Cool Base: 18.3
                          Dep.  Heat  Cool                       Max  Max  Min  Min
        Mean  Mean        From  Deg   Deg                        >=   <=   <=   <=
 YR MO  Max   Min   Mean  Norm  Days  Days  Hi  Date  Low  Date 27.0  0.0  0.0 -18.0
------------------------------------------------------------------------------------
 18  1   7.6   1.9   4.7   0.0   421     0  13.3  28  -1.6    6    0    0    7    0
 18  2   6.2  -0.5   2.8   0.0   433     0  10.7  19  -6.0   28    0    1   19    0
 18  3   9.2   1.1   4.7   0.0   422     0  13.5   3  -6.2    1    0    2   11    0
 18  4  13.8   5.5   9.6   0.0   264     4  25.5  19   0.0    1    0    0    1    0
 18  5  20.7   8.1  14.4   0.0   146    26  27.4   7  -1.2    1    1    0    1    0
 18  6  24.2  11.8  17.9   0.0    71    58  30.9  25   7.6    7    8    0    0    0
 18  7  27.9  13.2  20.4   0.0    41   107  32.2  23  10.5   25   20    0    0    0
 18  8  23.2  12.2  17.1   0.0    76    40  29.4   5   6.1   11    5    0    0    0
 18  9  18.7   9.2  13.6   0.0   149     8  25.2   2   1.0   25    0    0    0    0
 18 10  16.2   7.6  11.7   0.0   205     2  21.9  10  -0.2    7    0    0    2    0
 18 11  12.1   5.1   8.7   0.0   289     0  21.4   2  -2.3   22    0    0    3    0
 18 12   9.2   4.0   6.8   0.0   355     0  13.1   2  -0.6   14    0    0    4    0
------------------------------------------------------------------------------------
        15.8   6.6  11.0   0.0  2879   248  32.2 Jul  -6.2  Mar   34    3   48    0

                                Precipitation (mm)

              Dep.   Max        Days of Rain
              From   Obs.           >=
 YR MO Total  Norm   Day Date  0.2  2.0 20.0
---------------------------------------------
 18  1  60.9   0.0  10.2  21    23   12    0
 18  2  30.3   0.0   6.9   3    18    5    0
 18  3  75.3   0.0  14.1  12    23   11    0
 18  4 315.6   0.0 252.9   5    18   11    1
 18  5 241.5   0.0 202.2  14    13    4    1
 18  6   5.4   0.0   2.4   8     8    1    0
 18  7  15.3   0.0   5.7  29     5    3    0
 18  8  52.2   0.0   9.9  26    12    8    0
 18  9 283.2   0.0 229.2   1    17    6    2
 18 10  39.6   0.0  11.7  14    13    5    0
 18 11  41.1   0.0  11.7   3    17    9    0
 18 12  63.9   0.0  12.3  21    20   10    0
---------------------------------------------
      1224.3   0.0 252.9  Apr  187   85    4

                                Wind Speed (mph)
                          Dom
 YR MO   Avg.  Hi   Date  Dir
------------------------------
 18  1   1.0  13.6   18     S
 18  2   1.0  10.5   10   ESE
 18  3   1.2  49.3   13     E
 18  4   2.2  11.6   17    SE
 18  5   0.6   9.9    2    SE
 18  6   0.6  26.2   17   SSE
 18  7   0.6  49.5   15   SSE
 18  8   0.6  25.7    3   SSW
 18  9   0.7  13.9   19     S
 18 10   1.2  27.3   13     S
 18 11   1.8  26.6   28   ESE
 18 12   1.8  28.2   18    SE
------------------------------
         1.1  49.5  Jul    SE